{"id":1061,"date":"2016-04-01T07:59:15","date_gmt":"2016-04-01T06:59:15","guid":{"rendered":"http:\/\/www.ardacol.fr\/?page_id=1061"},"modified":"2016-04-02T17:10:40","modified_gmt":"2016-04-02T16:10:40","slug":"realiser-un-objet-qui-roule","status":"publish","type":"page","link":"http:\/\/www.ardacol.fr\/index.php\/niveau-sixieme-6eme\/realiser-un-objet-qui-roule\/","title":{"rendered":"R\u00e9aliser un objet qui roule"},"content":{"rendered":"<p>Pour r\u00e9aliser ce projet vous aurez besoin de :<\/p>\n<p><span style=\"color: #99cc00;\">Le Mat\u00e9riel :<\/span><\/p>\n<ul>\n<li>Mini perceuses, des lunettes de protection, cisaille, thermoplieuse, pistolets \u00e0 colle, fers \u00e0 souder.<\/li>\n<\/ul>\n<p><span style=\"color: #99cc00;\">Les composants :\u00a0<\/span><\/p>\n<ul>\n<li>Des moteurs \u00e9lectriques 12 V, des interrupteurs \u00e0 levier, des cosses \u00e0 piles des roues de diam\u00e8tre 35mm, des axes de diam\u00e8tre 3mm, des compartiments moteur des piles 4.5 V et des plaques thermoplastiques.<\/li>\n<\/ul>\n<p>Il est d\u00e9compos\u00e9 en trois parties:<\/p>\n<ol>\n<li><span style=\"text-decoration: underline;\"><a href=\"http:\/\/www.ardacol.fr\/index.php\/niveau-sixieme-6eme\/partie-introduction\/\"><span style=\"color: #0000ff; text-decoration: underline;\">Partie introduction<\/span> <\/a><\/span>: Ici les \u00e9l\u00e8ves d\u00e9couvriront et d\u00e9signeront le mat\u00e9riel et les outils n\u00e9cessaire, les composants \u00e9lectroniques n\u00e9cessaires pour la r\u00e9alisation de leur objet qui roule, ils d\u00e9termineront la forme que prendra l&rsquo;objet en r\u00e9alisant\u00a0des croquis et des dessins \u00e0 main lev\u00e9 et en fin il mettront au propre les croquis en r\u00e9alisant un dessin technique.<\/li>\n<li><span style=\"text-decoration: underline;\"><a href=\"http:\/\/www.ardacol.fr\/index.php\/niveau-sixieme-6eme\/partie-mecanique\/\"><span style=\"color: #0000ff; text-decoration: underline;\">Partie m\u00e9canique<\/span> <\/a><\/span>: ici ils passeront \u00e0 la pratique en commen\u00e7ant par le\u00a0tra\u00e7age sur les plaques thermoplastiques, ensuite le d\u00e9coupage des pi\u00e8ces, puis le pliage et enfin le montage des composants sur le ch\u00e2ssis.<\/li>\n<li><span style=\"color: #0000ff;\"><span style=\"text-decoration: underline;\"><a style=\"color: #0000ff; text-decoration: underline;\" href=\"http:\/\/www.ardacol.fr\/index.php\/niveau-sixieme-6eme\/partie-electronique\/\">Partie \u00e9lectronique <\/a><\/span>: <\/span>Ici ils passeront \u00e0 la r\u00e9alisation de la cha\u00eene d\u2019\u00e9nergie de l\u2019objet, la r\u00e9alisation du sch\u00e9ma de c\u00e2blage et le soudage des fils \u00e9lectriques.<\/li>\n<\/ol>\n<h2><strong>Les capacit\u00e9s cibl\u00e9es :\u00a0<\/strong><\/h2>\n<ol>\n<li><span style=\"color: #0000ff;\">Partie introduction : \u00a0<\/span>\n<ul>\n<li>Mesurer et contr\u00f4ler \u00e0 l&rsquo;aide d&rsquo;instruments de mesure, d&rsquo;un gabarit.<\/li>\n<li>Confronter le r\u00e9sultat \u00e0 celui attendu.<\/li>\n<li>D\u00e9crire graphiquement \u00e0 l&rsquo;aide d&rsquo;un croquis \u00e0 main lev\u00e9e, ou de sch\u00e9mas le fonctionnement observ\u00e9 des \u00e9l\u00e9ments constituant une fonction technique.<\/li>\n<li>R\u00e9aliser en suivant un protocole donn\u00e9.<\/li>\n<\/ul>\n<h2><\/h2>\n<\/li>\n<li><span style=\"color: #0000ff;\">partie m\u00e9canique :\u00a0<\/span>\n<ol>\n<ul>\n<li>Extraire d&rsquo;un dessin, d&rsquo;un plan, d&rsquo;un \u00e9clat\u00e9 ou d&rsquo;une nomenclature les informations utiles pour la fabrication ou l&rsquo;assemblage.<\/li>\n<li>Associer un proc\u00e9d\u00e9 de fabrication \u00e0 une forme.<\/li>\n<li>Utiliser rationnellement mat\u00e9riels et outillages dans le respect des r\u00e8gles de s\u00e9curit\u00e9.<\/li>\n<li>R\u00e9aliser un assemblage ou tout ou partie d&rsquo;un objet technique en suivant une proc\u00e9dure formalis\u00e9e.<\/li>\n<li>Effectuer un geste technique en respectant les consignes<\/li>\n<\/ul>\n<\/ol>\n<\/li>\n<li><span style=\"color: #0000ff;\">Partie \u00e9lectronique :<\/span>\n<ul>\n<li>Repr\u00e9senter la circulation de l&rsquo;\u00e9nergie dans un objet technique par un croquis.<\/li>\n<li>Indiquer la nature des \u00e9nergies utilis\u00e9es pour le fonctionnement de l&rsquo;objet technique.<\/li>\n<li>Identifier les \u00e9l\u00e9ments de stockage de distribution et de transformation de l&rsquo;\u00e9nergie.<\/li>\n<li>Tester le fonctionnement.<\/li>\n<\/ul>\n<p>&nbsp;<\/li>\n<\/ol>\n","protected":false},"excerpt":{"rendered":"<p>Pour r\u00e9aliser ce projet vous aurez besoin de : Le Mat\u00e9riel : Mini perceuses, des lunettes de protection, cisaille, thermoplieuse, pistolets \u00e0 colle, fers \u00e0 souder. Les composants :\u00a0 Des moteurs \u00e9lectriques 12 V, des interrupteurs \u00e0 levier, des cosses \u00e0 piles des roues de diam\u00e8tre 35mm, des axes de diam\u00e8tre 3mm, des compartiments moteur [&hellip;]<\/p>\n","protected":false},"author":1,"featured_media":0,"parent":25,"menu_order":2,"comment_status":"closed","ping_status":"closed","template":"template-fullwidth.php","meta":{"footnotes":""},"class_list":["post-1061","page","type-page","status-publish","hentry"],"_links":{"self":[{"href":"http:\/\/www.ardacol.fr\/index.php\/wp-json\/wp\/v2\/pages\/1061","targetHints":{"allow":["GET"]}}],"collection":[{"href":"http:\/\/www.ardacol.fr\/index.php\/wp-json\/wp\/v2\/pages"}],"about":[{"href":"http:\/\/www.ardacol.fr\/index.php\/wp-json\/wp\/v2\/types\/page"}],"author":[{"embeddable":true,"href":"http:\/\/www.ardacol.fr\/index.php\/wp-json\/wp\/v2\/users\/1"}],"replies":[{"embeddable":true,"href":"http:\/\/www.ardacol.fr\/index.php\/wp-json\/wp\/v2\/comments?post=1061"}],"version-history":[{"count":9,"href":"http:\/\/www.ardacol.fr\/index.php\/wp-json\/wp\/v2\/pages\/1061\/revisions"}],"predecessor-version":[{"id":1101,"href":"http:\/\/www.ardacol.fr\/index.php\/wp-json\/wp\/v2\/pages\/1061\/revisions\/1101"}],"up":[{"embeddable":true,"href":"http:\/\/www.ardacol.fr\/index.php\/wp-json\/wp\/v2\/pages\/25"}],"wp:attachment":[{"href":"http:\/\/www.ardacol.fr\/index.php\/wp-json\/wp\/v2\/media?parent=1061"}],"curies":[{"name":"wp","href":"https:\/\/api.w.org\/{rel}","templated":true}]}}