{"id":1208,"date":"2017-03-06T21:09:35","date_gmt":"2017-03-06T20:09:35","guid":{"rendered":"http:\/\/www.ardacol.fr\/?page_id=1208"},"modified":"2017-07-31T16:21:05","modified_gmt":"2017-07-31T15:21:05","slug":"partie-introduction","status":"publish","type":"page","link":"http:\/\/www.ardacol.fr\/index.php\/niveau-troisieme\/realisation-dun-portail-automatique-pilote-par-un-smartphone\/partie-introduction\/","title":{"rendered":"Partie introduction"},"content":{"rendered":"<p>Fiches \u00e9l\u00e8ves :<\/p>\n<ul>\n<li><span style=\"color: #0000ff;\"><a style=\"color: #0000ff;\" href=\"http:\/\/www.ardacol.fr\/wp-content\/uploads\/2017\/03\/FICHE-ELEVE_1_2017.pdf\">Fiche \u00e9l\u00e8ve 1 PDF<\/a><\/span><\/li>\n<li><span style=\"color: #0000ff;\"><a style=\"color: #0000ff;\" href=\"http:\/\/www.ardacol.fr\/wp-content\/uploads\/2017\/03\/FICHE-ELEVE_2_2017.pdf\">Fiche \u00e9l\u00e8ve 2 PDF<\/a><\/span><\/li>\n<li><span style=\"color: #0000ff;\">\u00a0<a style=\"color: #0000ff;\" href=\"http:\/\/www.ardacol.fr\/wp-content\/uploads\/2017\/03\/FICHE-ELEVE_3_2017.pdf\">Fiche \u00e9l\u00e8ve 3 PDF<\/a><\/span><\/li>\n<li><span style=\"color: #0000ff;\">\u00a0<a style=\"color: #0000ff;\" href=\"http:\/\/www.ardacol.fr\/wp-content\/uploads\/2017\/03\/Parking-de-la-r\u00e9sidence-HARVARD.pptx\">Parking de la r\u00e9sidence HARVARD<\/a><\/span><\/li>\n<\/ul>\n<p>Ressource pour remplir le cahier des charges :<\/p>\n<ul>\n<li><span style=\"color: #0000ff;\"><a style=\"color: #0000ff;\" href=\"http:\/\/www.ardacol.fr\/wp-content\/uploads\/2017\/03\/CAHIER-DES-CHARGES-BARRIERE-1.pdf\">CAHIER DES CHARGES BARRIERE 1<\/a><\/span><\/li>\n<li><span style=\"color: #0000ff;\"><a style=\"color: #0000ff;\" href=\"http:\/\/www.ardacol.fr\/wp-content\/uploads\/2017\/03\/CAHIER-DES-CHARGES-BARRIERE2.pdf\">CAHIER DES CHARGES BARRIERE2<\/a><\/span><\/li>\n<li><span style=\"color: #0000ff;\">\u00a0<a style=\"color: #0000ff;\" href=\"http:\/\/www.ardacol.fr\/wp-content\/uploads\/2017\/03\/Application-Android.pdf\">Application Android<\/a><\/span><\/li>\n<\/ul>\n<p>Progression :<\/p>\n<ul>\n<li><span style=\"color: #0000ff;\"><a style=\"color: #0000ff;\" href=\"http:\/\/www.ardacol.fr\/wp-content\/uploads\/2017\/03\/Progression-introduction.xlsx\">Progression introduction<\/a><\/span><\/li>\n<\/ul>\n<hr \/>\n<p><img loading=\"lazy\" decoding=\"async\" class=\"size-full wp-image-1209 aligncenter\" src=\"http:\/\/www.ardacol.fr\/wp-content\/uploads\/2017\/03\/Situation_d\u00e9part.jpg\" alt=\"\" width=\"625\" height=\"168\" srcset=\"http:\/\/www.ardacol.fr\/wp-content\/uploads\/2017\/03\/Situation_d\u00e9part.jpg 625w, http:\/\/www.ardacol.fr\/wp-content\/uploads\/2017\/03\/Situation_d\u00e9part-300x81.jpg 300w, http:\/\/www.ardacol.fr\/wp-content\/uploads\/2017\/03\/Situation_d\u00e9part-250x67.jpg 250w\" sizes=\"auto, (max-width: 625px) 100vw, 625px\" \/><\/p>\n<p><img loading=\"lazy\" decoding=\"async\" class=\"size-full wp-image-1213 aligncenter\" src=\"http:\/\/www.ardacol.fr\/wp-content\/uploads\/2017\/03\/Situation_d\u00e9part_1.jpg\" alt=\"\" width=\"453\" height=\"349\" srcset=\"http:\/\/www.ardacol.fr\/wp-content\/uploads\/2017\/03\/Situation_d\u00e9part_1.jpg 453w, http:\/\/www.ardacol.fr\/wp-content\/uploads\/2017\/03\/Situation_d\u00e9part_1-300x231.jpg 300w, http:\/\/www.ardacol.fr\/wp-content\/uploads\/2017\/03\/Situation_d\u00e9part_1-250x193.jpg 250w\" sizes=\"auto, (max-width: 453px) 100vw, 453px\" \/><\/p>\n<p><img loading=\"lazy\" decoding=\"async\" class=\"size-full wp-image-1214 aligncenter\" src=\"http:\/\/www.ardacol.fr\/wp-content\/uploads\/2017\/03\/Situation_d\u00e9part_2.jpg\" alt=\"\" width=\"564\" height=\"365\" srcset=\"http:\/\/www.ardacol.fr\/wp-content\/uploads\/2017\/03\/Situation_d\u00e9part_2.jpg 564w, http:\/\/www.ardacol.fr\/wp-content\/uploads\/2017\/03\/Situation_d\u00e9part_2-300x194.jpg 300w, http:\/\/www.ardacol.fr\/wp-content\/uploads\/2017\/03\/Situation_d\u00e9part_2-250x162.jpg 250w\" sizes=\"auto, (max-width: 564px) 100vw, 564px\" \/><\/p>\n<p><img loading=\"lazy\" decoding=\"async\" class=\"size-full wp-image-1218 aligncenter\" src=\"http:\/\/www.ardacol.fr\/wp-content\/uploads\/2017\/03\/Situation_d\u00e9part_3.jpg\" alt=\"\" width=\"502\" height=\"339\" srcset=\"http:\/\/www.ardacol.fr\/wp-content\/uploads\/2017\/03\/Situation_d\u00e9part_3.jpg 502w, http:\/\/www.ardacol.fr\/wp-content\/uploads\/2017\/03\/Situation_d\u00e9part_3-300x203.jpg 300w, http:\/\/www.ardacol.fr\/wp-content\/uploads\/2017\/03\/Situation_d\u00e9part_3-250x169.jpg 250w\" sizes=\"auto, (max-width: 502px) 100vw, 502px\" \/><\/p>\n<hr \/>\n<ul>\n<li>\n<h1><strong>Travail \u00e0 faire :<\/strong><\/h1>\n<\/li>\n<\/ul>\n<p><img loading=\"lazy\" decoding=\"async\" class=\"size-full wp-image-1220 aligncenter\" src=\"http:\/\/www.ardacol.fr\/wp-content\/uploads\/2017\/03\/Ennonc\u00e9_du_besoin.jpg\" alt=\"\" width=\"616\" height=\"530\" srcset=\"http:\/\/www.ardacol.fr\/wp-content\/uploads\/2017\/03\/Ennonc\u00e9_du_besoin.jpg 616w, http:\/\/www.ardacol.fr\/wp-content\/uploads\/2017\/03\/Ennonc\u00e9_du_besoin-300x258.jpg 300w, http:\/\/www.ardacol.fr\/wp-content\/uploads\/2017\/03\/Ennonc\u00e9_du_besoin-250x215.jpg 250w\" sizes=\"auto, (max-width: 616px) 100vw, 616px\" \/><\/p>\n<p><img loading=\"lazy\" decoding=\"async\" class=\"size-full wp-image-1222 aligncenter\" src=\"http:\/\/www.ardacol.fr\/wp-content\/uploads\/2017\/03\/Ennonc\u00e9_du_besoin_2.jpg\" alt=\"\" width=\"647\" height=\"406\" srcset=\"http:\/\/www.ardacol.fr\/wp-content\/uploads\/2017\/03\/Ennonc\u00e9_du_besoin_2.jpg 647w, http:\/\/www.ardacol.fr\/wp-content\/uploads\/2017\/03\/Ennonc\u00e9_du_besoin_2-300x188.jpg 300w, http:\/\/www.ardacol.fr\/wp-content\/uploads\/2017\/03\/Ennonc\u00e9_du_besoin_2-250x157.jpg 250w\" sizes=\"auto, (max-width: 647px) 100vw, 647px\" \/><\/p>\n<p><img loading=\"lazy\" decoding=\"async\" class=\"size-full wp-image-1223 aligncenter\" src=\"http:\/\/www.ardacol.fr\/wp-content\/uploads\/2017\/03\/Ennonc\u00e9_du_besoin_3.jpg\" alt=\"\" width=\"781\" height=\"526\" srcset=\"http:\/\/www.ardacol.fr\/wp-content\/uploads\/2017\/03\/Ennonc\u00e9_du_besoin_3.jpg 781w, http:\/\/www.ardacol.fr\/wp-content\/uploads\/2017\/03\/Ennonc\u00e9_du_besoin_3-300x202.jpg 300w, http:\/\/www.ardacol.fr\/wp-content\/uploads\/2017\/03\/Ennonc\u00e9_du_besoin_3-768x517.jpg 768w, http:\/\/www.ardacol.fr\/wp-content\/uploads\/2017\/03\/Ennonc\u00e9_du_besoin_3-250x168.jpg 250w\" sizes=\"auto, (max-width: 781px) 100vw, 781px\" \/><\/p>\n<p><img loading=\"lazy\" decoding=\"async\" class=\"size-full wp-image-1224 aligncenter\" src=\"http:\/\/www.ardacol.fr\/wp-content\/uploads\/2017\/03\/Ennonc\u00e9_du_besoin_4.jpg\" alt=\"\" width=\"772\" height=\"369\" srcset=\"http:\/\/www.ardacol.fr\/wp-content\/uploads\/2017\/03\/Ennonc\u00e9_du_besoin_4.jpg 772w, http:\/\/www.ardacol.fr\/wp-content\/uploads\/2017\/03\/Ennonc\u00e9_du_besoin_4-300x143.jpg 300w, http:\/\/www.ardacol.fr\/wp-content\/uploads\/2017\/03\/Ennonc\u00e9_du_besoin_4-768x367.jpg 768w, http:\/\/www.ardacol.fr\/wp-content\/uploads\/2017\/03\/Ennonc\u00e9_du_besoin_4-250x119.jpg 250w\" sizes=\"auto, (max-width: 772px) 100vw, 772px\" \/><\/p>\n<hr \/>\n<p><span style=\"color: #0000ff;\"><a href=\"http:\/\/www.ardacol.fr\/index.php\/niveau-troisieme\/realisation-dun-portail-automatique-pilote-par-un-smartphone\/chaine-fonctionnelle\/\"><span style=\"color: #0000ff;\">\u00a0 \u00a0 \u00a0 \u00a0 \u00a0 \u00a0 \u00a0 \u00a0 \u00a0 \u00a0 \u00a0 \u00a0 \u00a0 \u00a0 \u00a0 \u00a0 \u00a0 \u00a0 \u00a0 \u00a0 \u00a0 \u00a0 \u00a0 \u00a0 \u00a0 \u00a0 \u00a0 \u00a0 \u00a0 \u00a0 \u00a0 \u00a0 \u00a0 \u00a0 \u00a0 \u00a0 \u00a0 \u00a0 \u00a0 \u00a0 \u00a0 \u00a0 \u00a0 \u00a0 \u00a0 \u00a0 \u00a0 \u00a0 \u00a0 \u00a0 \u00a0 \u00a0 \u00a0 Cha\u00eene fonctionnelle &gt;&gt;&gt;<\/span><\/a><\/span><\/p>\n","protected":false},"excerpt":{"rendered":"<p>Fiches \u00e9l\u00e8ves : Fiche \u00e9l\u00e8ve 1 PDF Fiche \u00e9l\u00e8ve 2 PDF \u00a0Fiche \u00e9l\u00e8ve 3 PDF \u00a0Parking de la r\u00e9sidence HARVARD Ressource pour remplir le cahier des charges : CAHIER DES CHARGES BARRIERE 1 CAHIER DES CHARGES BARRIERE2 \u00a0Application Android Progression : Progression introduction Travail \u00e0 faire : \u00a0 \u00a0 \u00a0 \u00a0 \u00a0 \u00a0 \u00a0 \u00a0 [&hellip;]<\/p>\n","protected":false},"author":1,"featured_media":0,"parent":1343,"menu_order":1,"comment_status":"closed","ping_status":"closed","template":"template-fullwidth.php","meta":{"footnotes":""},"class_list":["post-1208","page","type-page","status-publish","hentry"],"_links":{"self":[{"href":"http:\/\/www.ardacol.fr\/index.php\/wp-json\/wp\/v2\/pages\/1208","targetHints":{"allow":["GET"]}}],"collection":[{"href":"http:\/\/www.ardacol.fr\/index.php\/wp-json\/wp\/v2\/pages"}],"about":[{"href":"http:\/\/www.ardacol.fr\/index.php\/wp-json\/wp\/v2\/types\/page"}],"author":[{"embeddable":true,"href":"http:\/\/www.ardacol.fr\/index.php\/wp-json\/wp\/v2\/users\/1"}],"replies":[{"embeddable":true,"href":"http:\/\/www.ardacol.fr\/index.php\/wp-json\/wp\/v2\/comments?post=1208"}],"version-history":[{"count":19,"href":"http:\/\/www.ardacol.fr\/index.php\/wp-json\/wp\/v2\/pages\/1208\/revisions"}],"predecessor-version":[{"id":1413,"href":"http:\/\/www.ardacol.fr\/index.php\/wp-json\/wp\/v2\/pages\/1208\/revisions\/1413"}],"up":[{"embeddable":true,"href":"http:\/\/www.ardacol.fr\/index.php\/wp-json\/wp\/v2\/pages\/1343"}],"wp:attachment":[{"href":"http:\/\/www.ardacol.fr\/index.php\/wp-json\/wp\/v2\/media?parent=1208"}],"curies":[{"name":"wp","href":"https:\/\/api.w.org\/{rel}","templated":true}]}}