{"id":1596,"date":"2022-06-23T10:26:37","date_gmt":"2022-06-23T09:26:37","guid":{"rendered":"http:\/\/www.ardacol.fr\/?page_id=1596"},"modified":"2022-06-23T10:55:05","modified_gmt":"2022-06-23T09:55:05","slug":"projet-abri-bus-2022","status":"publish","type":"page","link":"http:\/\/www.ardacol.fr\/index.php\/projet-abri-bus-2022\/","title":{"rendered":"Projet Abri bus 2022"},"content":{"rendered":"<p>Vous allez trouver ici les documents n\u00e9cessaires pour mener un projet avec vos \u00e9l\u00e8ves, les diff\u00e9rents \u00e9tapes du projet sont d\u00e9taill\u00e9es dans la fiche introduction.<\/p>\n<h2><span style=\"color: #000000;\">Les fiches \u00e9l\u00e8ves :<\/span><\/h2>\n<p><a href=\"http:\/\/www.ardacol.fr\/wp-content\/uploads\/2022\/06\/0-Introduction.pptx\"><span style=\"color: #0000ff;\">#0# Introduction<\/span><\/a><\/p>\n<p><span style=\"color: #0000ff;\"><a href=\"http:\/\/www.ardacol.fr\/wp-content\/uploads\/2022\/06\/1-Cahier-des-charges.pdf\"><span style=\"color: #0000ff;\">#1# Cahier des charges<\/span><\/a><\/span><\/p>\n<p><a href=\"http:\/\/www.ardacol.fr\/wp-content\/uploads\/2022\/06\/Guide-presentation-Janvier-2021.odp\"><span style=\"color: #0000ff;\">Guide presentation <\/span><\/a><\/p>\n<p><a href=\"http:\/\/www.ardacol.fr\/wp-content\/uploads\/2022\/06\/Support-et-notation-pour-\u00e9l\u00e8ve.odt\"><span style=\"color: #0000ff;\">Support et notation pour \u00e9l\u00e8ve<\/span><\/a><\/p>\n<h2><span style=\"color: #000000;\">Notation<\/span><\/h2>\n<p><a href=\"http:\/\/www.ardacol.fr\/wp-content\/uploads\/2022\/06\/Expos\u00e9-oral-Passage-\u00e0-lorale.odt\"><span style=\"color: #0000ff;\">Expos\u00e9 oral (Passage \u00e0 l&rsquo;orale)<\/span><\/a><\/p>\n<p><a href=\"http:\/\/www.ardacol.fr\/wp-content\/uploads\/2022\/06\/Participer-\u00e0-lorganisation-dun-projet.odt\"><span style=\"color: #0000ff;\">Participer \u00e0 l&rsquo;organisation d&rsquo;un projet<\/span><\/a><\/p>\n<h2><span style=\"color: #000000;\">Les ressources :<\/span><\/h2>\n<p><a href=\"http:\/\/www.ardacol.fr\/wp-content\/uploads\/2022\/06\/Syst\u00e8mes-dancrages-abri-bus.pdf\"><span style=\"color: #0000ff;\">Syst\u00e8mes d&rsquo;ancrages abri bus<\/span><\/a><\/p>\n<p><a href=\"http:\/\/www.ardacol.fr\/wp-content\/uploads\/2022\/06\/Recharge-Smartphone.pdf\"><span style=\"color: #0000ff;\">Recharge Smartphone<\/span><\/a><\/p>\n<p><a href=\"http:\/\/www.ardacol.fr\/wp-content\/uploads\/2022\/06\/Les-abris-de-bus-materiaux-et-mod\u00e8les.pdf\"><span style=\"color: #0000ff;\">Les abris de bus mat\u00e9riaux et mod\u00e8les<\/span><\/a><\/p>\n<p><a href=\"http:\/\/www.ardacol.fr\/wp-content\/uploads\/2022\/06\/Dimensions-abri-bus.pdf\"><span style=\"color: #0000ff;\">Dimensions abri bus<\/span><\/a><\/p>\n<p><a href=\"http:\/\/www.ardacol.fr\/wp-content\/uploads\/2022\/06\/Normes-de-s\u00e9curit\u00e9.pdf\"><span style=\"color: #0000ff;\">Normes de s\u00e9curit\u00e9<\/span><\/a><\/p>\n<h2><span style=\"color: #000000;\">Les r\u00e9sultats de quelques \u00e9l\u00e8ves :<\/span><\/h2>\n<p><a href=\"http:\/\/www.ardacol.fr\/wp-content\/uploads\/2022\/06\/diapo-abri-bus-complet-fini.odp\"><span style=\"color: #0000ff;\">diapo abri bus complet fini<\/span><\/a><\/p>\n<p><a href=\"http:\/\/www.ardacol.fr\/wp-content\/uploads\/2022\/06\/pr\u00e9sentation-abri-bus-bon.pdf\"><span style=\"color: #0000ff;\">pr\u00e9sentation abri bus bon<\/span><\/a><\/p>\n<h2><span style=\"color: #000000;\">Les maquettes :<\/span><\/h2>\n<p><img loading=\"lazy\" decoding=\"async\" class=\"alignnone wp-image-1620\" src=\"http:\/\/www.ardacol.fr\/wp-content\/uploads\/2022\/06\/IMG-7632.jpg\" alt=\"\" width=\"571\" height=\"756\" \/><img loading=\"lazy\" decoding=\"async\" class=\"alignnone wp-image-1621\" src=\"http:\/\/www.ardacol.fr\/wp-content\/uploads\/2022\/06\/IMG-7631.jpg\" alt=\"\" width=\"595\" height=\"787\" \/> <img loading=\"lazy\" decoding=\"async\" class=\"alignnone size-full wp-image-1622\" src=\"http:\/\/www.ardacol.fr\/wp-content\/uploads\/2022\/06\/IMG-7636.jpg\" alt=\"\" width=\"4032\" height=\"3024\" srcset=\"http:\/\/www.ardacol.fr\/wp-content\/uploads\/2022\/06\/IMG-7636.jpg 4032w, http:\/\/www.ardacol.fr\/wp-content\/uploads\/2022\/06\/IMG-7636-300x225.jpg 300w, http:\/\/www.ardacol.fr\/wp-content\/uploads\/2022\/06\/IMG-7636-768x576.jpg 768w, http:\/\/www.ardacol.fr\/wp-content\/uploads\/2022\/06\/IMG-7636-1024x768.jpg 1024w, http:\/\/www.ardacol.fr\/wp-content\/uploads\/2022\/06\/IMG-7636-250x188.jpg 250w\" sizes=\"auto, (max-width: 4032px) 100vw, 4032px\" \/> <img loading=\"lazy\" decoding=\"async\" class=\"alignnone wp-image-1623\" src=\"http:\/\/www.ardacol.fr\/wp-content\/uploads\/2022\/06\/IMG-7635.jpg\" alt=\"\" width=\"604\" height=\"798\" \/> <img loading=\"lazy\" decoding=\"async\" class=\"alignnone wp-image-1597\" src=\"http:\/\/www.ardacol.fr\/wp-content\/uploads\/2022\/06\/IMG-7630.jpg\" alt=\"\" width=\"594\" height=\"787\" \/><\/p>\n<p>&nbsp;<\/p>\n<p>&nbsp;<\/p>\n<p>&nbsp;<\/p>\n<p>&nbsp;<\/p>\n<p>&nbsp;<\/p>\n","protected":false},"excerpt":{"rendered":"<p>Vous allez trouver ici les documents n\u00e9cessaires pour mener un projet avec vos \u00e9l\u00e8ves, les diff\u00e9rents \u00e9tapes du projet sont d\u00e9taill\u00e9es dans la fiche introduction. Les fiches \u00e9l\u00e8ves : #0# Introduction #1# Cahier des charges Guide presentation Support et notation pour \u00e9l\u00e8ve Notation Expos\u00e9 oral (Passage \u00e0 l&rsquo;orale) Participer \u00e0 l&rsquo;organisation d&rsquo;un projet Les ressources [&hellip;]<\/p>\n","protected":false},"author":1,"featured_media":0,"parent":0,"menu_order":0,"comment_status":"closed","ping_status":"closed","template":"","meta":{"footnotes":""},"class_list":["post-1596","page","type-page","status-publish","hentry"],"_links":{"self":[{"href":"http:\/\/www.ardacol.fr\/index.php\/wp-json\/wp\/v2\/pages\/1596","targetHints":{"allow":["GET"]}}],"collection":[{"href":"http:\/\/www.ardacol.fr\/index.php\/wp-json\/wp\/v2\/pages"}],"about":[{"href":"http:\/\/www.ardacol.fr\/index.php\/wp-json\/wp\/v2\/types\/page"}],"author":[{"embeddable":true,"href":"http:\/\/www.ardacol.fr\/index.php\/wp-json\/wp\/v2\/users\/1"}],"replies":[{"embeddable":true,"href":"http:\/\/www.ardacol.fr\/index.php\/wp-json\/wp\/v2\/comments?post=1596"}],"version-history":[{"count":14,"href":"http:\/\/www.ardacol.fr\/index.php\/wp-json\/wp\/v2\/pages\/1596\/revisions"}],"predecessor-version":[{"id":1629,"href":"http:\/\/www.ardacol.fr\/index.php\/wp-json\/wp\/v2\/pages\/1596\/revisions\/1629"}],"wp:attachment":[{"href":"http:\/\/www.ardacol.fr\/index.php\/wp-json\/wp\/v2\/media?parent=1596"}],"curies":[{"name":"wp","href":"https:\/\/api.w.org\/{rel}","templated":true}]}}