{"id":1632,"date":"2022-06-23T12:19:36","date_gmt":"2022-06-23T11:19:36","guid":{"rendered":"http:\/\/www.ardacol.fr\/?page_id=1632"},"modified":"2023-03-21T13:49:02","modified_gmt":"2023-03-21T12:49:02","slug":"conception-dun-ouvrage-permettant-de-franchir-un-obstacle","status":"publish","type":"page","link":"http:\/\/www.ardacol.fr\/index.php\/conception-dun-ouvrage-permettant-de-franchir-un-obstacle\/","title":{"rendered":"Conception d\u2019un ouvrage permettant de franchir un obstacle"},"content":{"rendered":"<p>Article parue sur le site du coll\u00e8ge jules Flandrin <span style=\"color: #ff0000;\">ann\u00e9e 2022-2023<\/span>\u00a0 \ud83d\ude42<\/p>\n<p><img loading=\"lazy\" decoding=\"async\" class=\"alignnone size-full wp-image-1757\" src=\"http:\/\/www.ardacol.fr\/wp-content\/uploads\/2022\/06\/Article-Jules-Flandrin.png\" alt=\"\" width=\"960\" height=\"274\" srcset=\"http:\/\/www.ardacol.fr\/wp-content\/uploads\/2022\/06\/Article-Jules-Flandrin.png 960w, http:\/\/www.ardacol.fr\/wp-content\/uploads\/2022\/06\/Article-Jules-Flandrin-300x86.png 300w, http:\/\/www.ardacol.fr\/wp-content\/uploads\/2022\/06\/Article-Jules-Flandrin-768x219.png 768w, http:\/\/www.ardacol.fr\/wp-content\/uploads\/2022\/06\/Article-Jules-Flandrin-250x71.png 250w\" sizes=\"auto, (max-width: 960px) 100vw, 960px\" \/><\/p>\n<p>Lire l&rsquo;article &#8212;&gt;R<a href=\"http:\/\/www.ardacol.fr\/wp-content\/uploads\/2022\/06\/Article-r\u00e9sultats-de-productions.pdf\" target=\"_blank\" rel=\"noopener\"><span style=\"color: #00ffff;\"><span style=\"color: #0000ff;\">\u00e9sultats de productions<\/span><\/span><\/a><\/p>\n<hr \/>\n<p>&nbsp;<\/p>\n<p>Durant le projet les \u00e9l\u00e8ves seront \u00e9valu\u00e9s :<\/p>\n<p>-En groupe pour les comp\u00e9tences \u00ab\u00a0Utiliser une mod\u00e9lisation et simuler le comportement d&rsquo;un objet\u00a0\u00bb et \u00ab\u00a0R\u00e9aliser, de mani\u00e8re collaborative, le prototype de tout ou une partie d&rsquo;un objet pour valider une solution\u00a0\u00bb<\/p>\n<p>-Individuellement pour la comp\u00e9tence \u00ab\u00a0Participer \u00e0 l\u2019organisation et au d\u00e9roulement de projet\u00a0\u00bb<\/p>\n<h2><span style=\"color: #ff00ff;\">Organisation :<\/span><\/h2>\n<p><span style=\"color: #ff00ff;\">1.<\/span> Dans un premier temps chaque \u00e9l\u00e8ve compl\u00e8te de son cot\u00e9 le cahier des charges et toutes les activit\u00e9s demand\u00e9es jusqu\u2019\u00e0 la r\u00e9alisation du croquis de la passerelle.\u00a0 (Correction en classe enti\u00e8re du cahier des charges)<\/p>\n<p><span style=\"color: #ff00ff;\">2.<\/span> Ensuite les \u00e9l\u00e8ves travailleront en bin\u00f4me pour mod\u00e9liser le meilleur croquis des passerelles (si ils sont d&rsquo;accord) ou r\u00e9aliser ensemble un nouveau croquis et le mod\u00e9liser par la suite.<\/p>\n<p><span style=\"color: #ff00ff;\">3.<\/span> A la fin on va cr\u00e9er des groupes de 4 \u00e9l\u00e8ves, ils vont choisir la meilleur mod\u00e9lisation des bin\u00f4mes ou cr\u00e9er une nouvelle et puis r\u00e9aliser la maquette.<\/p>\n<h2><span style=\"color: #000000;\">Les fiches \u00e9l\u00e8ves :<\/span><\/h2>\n<ul>\n<li><a href=\"http:\/\/www.ardacol.fr\/wp-content\/uploads\/2015\/07\/0-Introduction.pptx\"><span style=\"color: #0000ff;\">#0# Introduction<\/span><\/a><\/li>\n<li><a href=\"http:\/\/www.ardacol.fr\/wp-content\/uploads\/2015\/07\/1-Fiche-\u00e9l\u00e8ve.docx\"><span style=\"color: #0000ff;\">#1# Fiche \u00e9l\u00e8ve<\/span><\/a><\/li>\n<li><a href=\"http:\/\/www.ardacol.fr\/wp-content\/uploads\/2015\/07\/Fiche-\u00e9l\u00e8ve.pdf\"><span style=\"color: #0000ff;\">Fiche \u00e9l\u00e8ve (mod\u00e9fiable)<\/span><\/a><\/li>\n<li><a href=\"http:\/\/www.ardacol.fr\/wp-content\/uploads\/2022\/06\/Notation-de-la-mod\u00e9lisation-des-passerelles.odt\">Notation de la mod\u00e9lisation des passerelles<\/a><\/li>\n<li>Documents ressources (<span style=\"color: #0000ff;\"><a href=\"http:\/\/www.ardacol.fr\/wp-content\/uploads\/2015\/07\/Document-ressource-n\u00b01.pdf\"><span style=\"color: #0000ff;\">Document ressource n\u00b01<\/span><\/a><\/span> , <a href=\"http:\/\/www.ardacol.fr\/wp-content\/uploads\/2015\/07\/Document-ressource-n\u00b02.pdf\"><span style=\"color: #0000ff;\">Document ressource n\u00b02<\/span><\/a> , <a href=\"http:\/\/www.ardacol.fr\/wp-content\/uploads\/2015\/07\/vocabulaire-ponts.ppt\"><span style=\"color: #0000ff;\">vocabulaire ponts<\/span><\/a> )<\/li>\n<\/ul>\n<h2><span style=\"color: #000000;\">Quelques r\u00e9sultats de mod\u00e9lisation :<\/span><\/h2>\n<h2><img loading=\"lazy\" decoding=\"async\" class=\"alignnone size-full wp-image-1633\" src=\"http:\/\/www.ardacol.fr\/wp-content\/uploads\/2022\/06\/Capture.png\" alt=\"\" width=\"714\" height=\"660\" srcset=\"http:\/\/www.ardacol.fr\/wp-content\/uploads\/2022\/06\/Capture.png 714w, http:\/\/www.ardacol.fr\/wp-content\/uploads\/2022\/06\/Capture-300x277.png 300w, http:\/\/www.ardacol.fr\/wp-content\/uploads\/2022\/06\/Capture-250x231.png 250w\" sizes=\"auto, (max-width: 714px) 100vw, 714px\" \/> <img loading=\"lazy\" decoding=\"async\" class=\"alignnone size-full wp-image-1634\" src=\"http:\/\/www.ardacol.fr\/wp-content\/uploads\/2022\/06\/Capture1.png\" alt=\"\" width=\"586\" height=\"547\" srcset=\"http:\/\/www.ardacol.fr\/wp-content\/uploads\/2022\/06\/Capture1.png 586w, http:\/\/www.ardacol.fr\/wp-content\/uploads\/2022\/06\/Capture1-300x280.png 300w, http:\/\/www.ardacol.fr\/wp-content\/uploads\/2022\/06\/Capture1-250x233.png 250w\" sizes=\"auto, (max-width: 586px) 100vw, 586px\" \/> <img loading=\"lazy\" decoding=\"async\" class=\"alignnone size-full wp-image-1635\" src=\"http:\/\/www.ardacol.fr\/wp-content\/uploads\/2022\/06\/Capture2.png\" alt=\"\" width=\"1014\" height=\"418\" srcset=\"http:\/\/www.ardacol.fr\/wp-content\/uploads\/2022\/06\/Capture2.png 1014w, http:\/\/www.ardacol.fr\/wp-content\/uploads\/2022\/06\/Capture2-300x124.png 300w, http:\/\/www.ardacol.fr\/wp-content\/uploads\/2022\/06\/Capture2-768x317.png 768w, http:\/\/www.ardacol.fr\/wp-content\/uploads\/2022\/06\/Capture2-250x103.png 250w\" sizes=\"auto, (max-width: 1014px) 100vw, 1014px\" \/> <img loading=\"lazy\" decoding=\"async\" class=\"alignnone size-full wp-image-1636\" src=\"http:\/\/www.ardacol.fr\/wp-content\/uploads\/2022\/06\/Capture3.png\" alt=\"\" width=\"946\" height=\"324\" srcset=\"http:\/\/www.ardacol.fr\/wp-content\/uploads\/2022\/06\/Capture3.png 946w, http:\/\/www.ardacol.fr\/wp-content\/uploads\/2022\/06\/Capture3-300x103.png 300w, http:\/\/www.ardacol.fr\/wp-content\/uploads\/2022\/06\/Capture3-768x263.png 768w, http:\/\/www.ardacol.fr\/wp-content\/uploads\/2022\/06\/Capture3-250x86.png 250w\" sizes=\"auto, (max-width: 946px) 100vw, 946px\" \/> <img loading=\"lazy\" decoding=\"async\" class=\"alignnone size-full wp-image-1637\" src=\"http:\/\/www.ardacol.fr\/wp-content\/uploads\/2022\/06\/Capture4.png\" alt=\"\" width=\"748\" height=\"487\" srcset=\"http:\/\/www.ardacol.fr\/wp-content\/uploads\/2022\/06\/Capture4.png 748w, http:\/\/www.ardacol.fr\/wp-content\/uploads\/2022\/06\/Capture4-300x195.png 300w, http:\/\/www.ardacol.fr\/wp-content\/uploads\/2022\/06\/Capture4-250x163.png 250w\" sizes=\"auto, (max-width: 748px) 100vw, 748px\" \/> <span style=\"color: #000000;\"><img loading=\"lazy\" decoding=\"async\" class=\"alignnone size-full wp-image-1638\" src=\"http:\/\/www.ardacol.fr\/wp-content\/uploads\/2022\/06\/Capture5.png\" alt=\"\" width=\"907\" height=\"358\" srcset=\"http:\/\/www.ardacol.fr\/wp-content\/uploads\/2022\/06\/Capture5.png 907w, http:\/\/www.ardacol.fr\/wp-content\/uploads\/2022\/06\/Capture5-300x118.png 300w, http:\/\/www.ardacol.fr\/wp-content\/uploads\/2022\/06\/Capture5-768x303.png 768w, http:\/\/www.ardacol.fr\/wp-content\/uploads\/2022\/06\/Capture5-250x99.png 250w\" sizes=\"auto, (max-width: 907px) 100vw, 907px\" \/><\/span><\/h2>\n<h2><span style=\"color: #000000;\">Quelques r\u00e9sultats de maquettes 2022<\/span><\/h2>\n<p><img loading=\"lazy\" decoding=\"async\" class=\"alignnone size-full wp-image-1646\" src=\"http:\/\/www.ardacol.fr\/wp-content\/uploads\/2022\/06\/IMG-7741.jpg\" alt=\"\" width=\"4032\" height=\"3024\" srcset=\"http:\/\/www.ardacol.fr\/wp-content\/uploads\/2022\/06\/IMG-7741.jpg 4032w, http:\/\/www.ardacol.fr\/wp-content\/uploads\/2022\/06\/IMG-7741-300x225.jpg 300w, http:\/\/www.ardacol.fr\/wp-content\/uploads\/2022\/06\/IMG-7741-768x576.jpg 768w, http:\/\/www.ardacol.fr\/wp-content\/uploads\/2022\/06\/IMG-7741-1024x768.jpg 1024w, http:\/\/www.ardacol.fr\/wp-content\/uploads\/2022\/06\/IMG-7741-250x188.jpg 250w\" sizes=\"auto, (max-width: 4032px) 100vw, 4032px\" \/> <img loading=\"lazy\" decoding=\"async\" class=\"alignnone size-full wp-image-1647\" src=\"http:\/\/www.ardacol.fr\/wp-content\/uploads\/2022\/06\/IMG-7740.jpg\" alt=\"\" width=\"4032\" height=\"3024\" srcset=\"http:\/\/www.ardacol.fr\/wp-content\/uploads\/2022\/06\/IMG-7740.jpg 4032w, http:\/\/www.ardacol.fr\/wp-content\/uploads\/2022\/06\/IMG-7740-300x225.jpg 300w, http:\/\/www.ardacol.fr\/wp-content\/uploads\/2022\/06\/IMG-7740-768x576.jpg 768w, http:\/\/www.ardacol.fr\/wp-content\/uploads\/2022\/06\/IMG-7740-1024x768.jpg 1024w, http:\/\/www.ardacol.fr\/wp-content\/uploads\/2022\/06\/IMG-7740-250x188.jpg 250w\" sizes=\"auto, (max-width: 4032px) 100vw, 4032px\" \/> <img loading=\"lazy\" decoding=\"async\" class=\"alignnone size-full wp-image-1648\" src=\"http:\/\/www.ardacol.fr\/wp-content\/uploads\/2022\/06\/IMG-7739.jpg\" alt=\"\" width=\"4032\" height=\"3024\" srcset=\"http:\/\/www.ardacol.fr\/wp-content\/uploads\/2022\/06\/IMG-7739.jpg 4032w, http:\/\/www.ardacol.fr\/wp-content\/uploads\/2022\/06\/IMG-7739-300x225.jpg 300w, http:\/\/www.ardacol.fr\/wp-content\/uploads\/2022\/06\/IMG-7739-768x576.jpg 768w, http:\/\/www.ardacol.fr\/wp-content\/uploads\/2022\/06\/IMG-7739-1024x768.jpg 1024w, http:\/\/www.ardacol.fr\/wp-content\/uploads\/2022\/06\/IMG-7739-250x188.jpg 250w\" sizes=\"auto, (max-width: 4032px) 100vw, 4032px\" \/> <img loading=\"lazy\" decoding=\"async\" class=\"alignnone size-full wp-image-1649\" src=\"http:\/\/www.ardacol.fr\/wp-content\/uploads\/2022\/06\/IMG-7738.jpg\" alt=\"\" width=\"4032\" height=\"3024\" srcset=\"http:\/\/www.ardacol.fr\/wp-content\/uploads\/2022\/06\/IMG-7738.jpg 4032w, http:\/\/www.ardacol.fr\/wp-content\/uploads\/2022\/06\/IMG-7738-300x225.jpg 300w, http:\/\/www.ardacol.fr\/wp-content\/uploads\/2022\/06\/IMG-7738-768x576.jpg 768w, http:\/\/www.ardacol.fr\/wp-content\/uploads\/2022\/06\/IMG-7738-1024x768.jpg 1024w, http:\/\/www.ardacol.fr\/wp-content\/uploads\/2022\/06\/IMG-7738-250x188.jpg 250w\" sizes=\"auto, (max-width: 4032px) 100vw, 4032px\" \/> <img loading=\"lazy\" decoding=\"async\" class=\"alignnone size-full wp-image-1650\" src=\"http:\/\/www.ardacol.fr\/wp-content\/uploads\/2022\/06\/IMG-77361.jpg\" alt=\"\" width=\"4032\" height=\"3024\" srcset=\"http:\/\/www.ardacol.fr\/wp-content\/uploads\/2022\/06\/IMG-77361.jpg 4032w, http:\/\/www.ardacol.fr\/wp-content\/uploads\/2022\/06\/IMG-77361-300x225.jpg 300w, http:\/\/www.ardacol.fr\/wp-content\/uploads\/2022\/06\/IMG-77361-768x576.jpg 768w, http:\/\/www.ardacol.fr\/wp-content\/uploads\/2022\/06\/IMG-77361-1024x768.jpg 1024w, http:\/\/www.ardacol.fr\/wp-content\/uploads\/2022\/06\/IMG-77361-250x188.jpg 250w\" sizes=\"auto, (max-width: 4032px) 100vw, 4032px\" \/> <img loading=\"lazy\" decoding=\"async\" class=\"alignnone size-full wp-image-1651\" src=\"http:\/\/www.ardacol.fr\/wp-content\/uploads\/2022\/06\/IMG-7737.jpg\" alt=\"\" width=\"4032\" height=\"3024\" srcset=\"http:\/\/www.ardacol.fr\/wp-content\/uploads\/2022\/06\/IMG-7737.jpg 4032w, http:\/\/www.ardacol.fr\/wp-content\/uploads\/2022\/06\/IMG-7737-300x225.jpg 300w, http:\/\/www.ardacol.fr\/wp-content\/uploads\/2022\/06\/IMG-7737-768x576.jpg 768w, http:\/\/www.ardacol.fr\/wp-content\/uploads\/2022\/06\/IMG-7737-1024x768.jpg 1024w, http:\/\/www.ardacol.fr\/wp-content\/uploads\/2022\/06\/IMG-7737-250x188.jpg 250w\" sizes=\"auto, (max-width: 4032px) 100vw, 4032px\" \/><\/p>\n<h2><span style=\"color: #000000;\">Quelques r\u00e9sultats de maquettes 2017<\/span><\/h2>\n<p><img loading=\"lazy\" decoding=\"async\" class=\"alignnone size-full wp-image-1641\" src=\"http:\/\/www.ardacol.fr\/wp-content\/uploads\/2022\/06\/Capture-1.png\" alt=\"\" width=\"814\" height=\"492\" srcset=\"http:\/\/www.ardacol.fr\/wp-content\/uploads\/2022\/06\/Capture-1.png 814w, http:\/\/www.ardacol.fr\/wp-content\/uploads\/2022\/06\/Capture-1-300x181.png 300w, http:\/\/www.ardacol.fr\/wp-content\/uploads\/2022\/06\/Capture-1-768x464.png 768w, http:\/\/www.ardacol.fr\/wp-content\/uploads\/2022\/06\/Capture-1-250x151.png 250w\" sizes=\"auto, (max-width: 814px) 100vw, 814px\" \/> <img loading=\"lazy\" decoding=\"async\" class=\"alignnone size-full wp-image-1642\" src=\"http:\/\/www.ardacol.fr\/wp-content\/uploads\/2022\/06\/Capture1-1.png\" alt=\"\" width=\"924\" height=\"501\" srcset=\"http:\/\/www.ardacol.fr\/wp-content\/uploads\/2022\/06\/Capture1-1.png 924w, http:\/\/www.ardacol.fr\/wp-content\/uploads\/2022\/06\/Capture1-1-300x163.png 300w, http:\/\/www.ardacol.fr\/wp-content\/uploads\/2022\/06\/Capture1-1-768x416.png 768w, http:\/\/www.ardacol.fr\/wp-content\/uploads\/2022\/06\/Capture1-1-250x136.png 250w\" sizes=\"auto, (max-width: 924px) 100vw, 924px\" \/> <img loading=\"lazy\" decoding=\"async\" class=\"alignnone size-full wp-image-1643\" src=\"http:\/\/www.ardacol.fr\/wp-content\/uploads\/2022\/06\/Capture2-1.png\" alt=\"\" width=\"898\" height=\"495\" srcset=\"http:\/\/www.ardacol.fr\/wp-content\/uploads\/2022\/06\/Capture2-1.png 898w, http:\/\/www.ardacol.fr\/wp-content\/uploads\/2022\/06\/Capture2-1-300x165.png 300w, http:\/\/www.ardacol.fr\/wp-content\/uploads\/2022\/06\/Capture2-1-768x423.png 768w, http:\/\/www.ardacol.fr\/wp-content\/uploads\/2022\/06\/Capture2-1-250x138.png 250w\" sizes=\"auto, (max-width: 898px) 100vw, 898px\" \/><\/p>\n","protected":false},"excerpt":{"rendered":"<p>Article parue sur le site du coll\u00e8ge jules Flandrin ann\u00e9e 2022-2023\u00a0 \ud83d\ude42 Lire l&rsquo;article &#8212;&gt;R\u00e9sultats de productions &nbsp; Durant le projet les \u00e9l\u00e8ves seront \u00e9valu\u00e9s : -En groupe pour les comp\u00e9tences \u00ab\u00a0Utiliser une mod\u00e9lisation et simuler le comportement d&rsquo;un objet\u00a0\u00bb et \u00ab\u00a0R\u00e9aliser, de mani\u00e8re collaborative, le prototype de tout ou une partie d&rsquo;un objet pour [&hellip;]<\/p>\n","protected":false},"author":1,"featured_media":0,"parent":0,"menu_order":0,"comment_status":"closed","ping_status":"closed","template":"","meta":{"footnotes":""},"class_list":["post-1632","page","type-page","status-publish","hentry"],"_links":{"self":[{"href":"http:\/\/www.ardacol.fr\/index.php\/wp-json\/wp\/v2\/pages\/1632","targetHints":{"allow":["GET"]}}],"collection":[{"href":"http:\/\/www.ardacol.fr\/index.php\/wp-json\/wp\/v2\/pages"}],"about":[{"href":"http:\/\/www.ardacol.fr\/index.php\/wp-json\/wp\/v2\/types\/page"}],"author":[{"embeddable":true,"href":"http:\/\/www.ardacol.fr\/index.php\/wp-json\/wp\/v2\/users\/1"}],"replies":[{"embeddable":true,"href":"http:\/\/www.ardacol.fr\/index.php\/wp-json\/wp\/v2\/comments?post=1632"}],"version-history":[{"count":14,"href":"http:\/\/www.ardacol.fr\/index.php\/wp-json\/wp\/v2\/pages\/1632\/revisions"}],"predecessor-version":[{"id":1762,"href":"http:\/\/www.ardacol.fr\/index.php\/wp-json\/wp\/v2\/pages\/1632\/revisions\/1762"}],"wp:attachment":[{"href":"http:\/\/www.ardacol.fr\/index.php\/wp-json\/wp\/v2\/media?parent=1632"}],"curies":[{"name":"wp","href":"https:\/\/api.w.org\/{rel}","templated":true}]}}