{"id":21,"date":"2015-07-29T19:40:35","date_gmt":"2015-07-29T18:40:35","guid":{"rendered":"http:\/\/www.ardacol.fr\/?page_id=21"},"modified":"2023-06-08T16:49:25","modified_gmt":"2023-06-08T15:49:25","slug":"niveau-troisieme-4eme","status":"publish","type":"page","link":"http:\/\/www.ardacol.fr\/index.php\/niveau-troisieme-4eme\/","title":{"rendered":"Niveau 4eme"},"content":{"rendered":"<h1>Confort visuel<\/h1>\n<ul>\n<li>Activit\u00e9 : <span style=\"color: #3366ff;\"><a style=\"color: #3366ff;\" href=\"http:\/\/www.ardacol.fr\/wp-content\/uploads\/2023\/06\/Fiche-eleve-confort-visuel.pdf\">Fiche \u00e9l\u00e8ve , <\/a><a style=\"color: #3366ff;\" href=\"http:\/\/www.ardacol.fr\/wp-content\/uploads\/2023\/06\/Fiche-eleve-.docx\">Fiche modifiable <\/a><\/span><\/li>\n<li>Ressources : <span style=\"color: #3366ff;\"><a style=\"color: #3366ff;\" href=\"http:\/\/www.ardacol.fr\/wp-content\/uploads\/2023\/06\/Ressource-eclairage.pdf\">Ressource \u00e9clairage<\/a>, <\/span><a href=\"http:\/\/www.ardacol.fr\/wp-content\/uploads\/2023\/06\/Document-pour-la-partie-3.pdf\"><span style=\"color: #3366ff;\">Ressource pour la partie 3 de l&rsquo;activit\u00e9<\/span><\/a><\/li>\n<li>Correction : <span style=\"color: #3366ff;\"><a style=\"color: #3366ff;\" href=\"http:\/\/www.ardacol.fr\/wp-content\/uploads\/2023\/06\/Fiche-eleve-correction.pdf\">Fiche \u00e9l\u00e8ve correction<\/a>, <a style=\"color: #3366ff;\" href=\"http:\/\/www.ardacol.fr\/wp-content\/uploads\/2023\/06\/Fiche-eleve-correction-partie-1.pdf\">Fiche \u00e9l\u00e8ve correction partie 1 <\/a><\/span><a href=\"http:\/\/www.ardacol.fr\/wp-content\/uploads\/2023\/06\/Fiche-eleve-correction-partie-2-.pdf\"><span style=\"color: #3366ff;\">Fiche \u00e9l\u00e8ve correction partie 2 <\/span><\/a><\/li>\n<li>Synth\u00e8se : <span style=\"color: #3366ff;\"><a style=\"color: #3366ff;\" href=\"http:\/\/www.ardacol.fr\/wp-content\/uploads\/2023\/06\/Synthese-le-confort-visuel.pdf\">Synth\u00e8se le confort visuel<\/a><\/span><\/li>\n<\/ul>\n<hr \/>\n<p><span style=\"color: #ff6600;\">Pr\u00e9requis : Cha\u00eene fonctionnelle des objets techniques<br \/>\n<\/span><\/p>\n<h1>LES PROJETS<\/h1>\n<ul>\n<li><a href=\"http:\/\/www.ardacol.fr\/index.php\/niveau-troisieme-4eme\/tp0\/\"><span style=\"color: #0000ff;\">TP0 : Initiation \u00e0 l&rsquo;utilisation des carte Arduino et logiciel ArduBlock<\/span><\/a><\/li>\n<li><span style=\"color: #0000ff;\"><a style=\"color: #0000ff;\" href=\"http:\/\/www.ardacol.fr\/index.php\/niveau-troisieme-4eme\/tp1-eclairage-automatique\/\">TP1 : Eclairage automatique\u00a0<\/a><\/span><\/li>\n<li><span style=\"color: #0000ff;\"><a style=\"color: #0000ff;\" href=\"http:\/\/www.ardacol.fr\/index.php\/niveau-troisieme-4eme\/tp3-signal-sos-visuel-version-2017\/\">TP2: Signal SOS visuel version 2017<\/a>, TP2:\u00a0<a style=\"color: #0000ff;\" href=\"http:\/\/www.ardacol.fr\/index.php\/niveau-troisieme-4eme\/realisation-dun-signal-s-o-s-visuel\/\">R\u00e9alisation d&rsquo;un signal S.O.S lumineux version 2016<\/a><\/span><\/li>\n<li><span style=\"color: #0000ff;\"><a style=\"color: #0000ff;\" href=\"http:\/\/www.ardacol.fr\/index.php\/realisation-dun-signal-s-o-s-sonore\/\">R\u00e9alisation d&rsquo;un signal S.O.S sonore<\/a><\/span><\/li>\n<li><span style=\"color: #0000ff;\"><a style=\"color: #0000ff;\" href=\"http:\/\/www.ardacol.fr\/index.php\/niveau-troisieme-4eme\/realisation-dun-systeme-pour-aider-m-azouaou-a-garer-sa-voiture\/\">R\u00e9alisation d&rsquo;un syst\u00e8me pour aider M. Azouaou \u00e0 garer sa voiture<\/a><\/span><\/li>\n<li><span style=\"color: #0000ff;\"><a style=\"color: #0000ff;\" href=\"http:\/\/www.ardacol.fr\/index.php\/allumer-et-eteindre-une-led-avec-un-smartphone\/\">R\u00e9alisation d&rsquo;un syst\u00e8me permettant \u00a0d&rsquo;allumer et d&rsquo;\u00e9teindre une LED avec un smartphone<\/a><\/span><\/li>\n<\/ul>\n<hr \/>\n<h1>TP MBLOCK<\/h1>\n<ul>\n<li>TP0 Commande d&rsquo;une LED :<span style=\"color: #0000ff;\"> <a href=\"http:\/\/www.ardacol.fr\/wp-content\/uploads\/2015\/07\/TP0-commande-LED.pdf\"><span style=\"color: #0000ff;\">TP0 commande LED<\/span><\/a> <\/span>&#8212;<span style=\"color: #0000ff;\">&#8211; <a href=\"http:\/\/www.ardacol.fr\/wp-content\/uploads\/2015\/07\/TP0.pptx\">Fiche modifiable<\/a>&#8211;<\/span>&#8212;<a href=\"http:\/\/www.ardacol.fr\/wp-content\/uploads\/2015\/07\/Notation.pptx\"><span style=\"color: #0000ff;\">Notation<\/span><\/a><\/li>\n<\/ul>\n<hr \/>\n<h1>TP MBOT<\/h1>\n<ul>\n<li>TP1 Commander le robot mBot : <a href=\"http:\/\/www.ardacol.fr\/wp-content\/uploads\/2015\/07\/Fiche-TP-.pdf\"><span style=\"color: #0000ff;\">Fiche TP<\/span><\/a> &#8212;<span style=\"color: #0000ff;\">&#8211; <a href=\"http:\/\/www.ardacol.fr\/wp-content\/uploads\/2015\/07\/Fiche-TP-.docx\">Fiche modifiable<\/a> &#8211;<\/span>&#8212;<span style=\"color: #0000ff;\"> <a href=\"http:\/\/www.ardacol.fr\/wp-content\/uploads\/2015\/07\/Implanter-un-programme.pdf\"><span style=\"color: #0000ff;\">Implanter un programme<\/span><\/a> &#8212; <a href=\"https:\/\/drive.google.com\/drive\/folders\/1emcZjpIZr3udoXl7zijwDHvBqF0WGhpB?usp=sharing\"><span style=\"color: #0000ff;\">Les programmes<\/span> <\/a><\/span><\/li>\n<li>TP2 Capteur ultrason du robot mBot <span style=\"color: #0000ff;\">:\u00a0<a href=\"http:\/\/www.ardacol.fr\/wp-content\/uploads\/2015\/07\/Fiche-\u00e9l\u00e8ve_1-.pdf\"><span style=\"color: #0000ff;\">Fiche TP<\/span><\/a>\u00a0<\/span><span style=\"color: #33cccc;\"><a href=\"http:\/\/www.ardacol.fr\/wp-content\/uploads\/2015\/07\/Fiche-\u00e9l\u00e8ve_1-.docx\">Fiche modifiable<\/a><\/span><\/li>\n<\/ul>\n<hr \/>\n<h1>TP Arduino Augment\u00e9<\/h1>\n<ul>\n<li>TP1 Commande LED :<\/li>\n<\/ul>\n<p><span style=\"color: #0000ff;\"><a href=\"http:\/\/www.ardacol.fr\/wp-content\/uploads\/2015\/07\/TP1-Commande-LED.pdf\"><span style=\"color: #0000ff;\">Fiche TP<\/span><\/a> <\/span>&#8212; <a href=\"http:\/\/www.ardacol.fr\/wp-content\/uploads\/2015\/07\/TP1.pptx\">Fiche modifiable<\/a> &#8212; <a href=\"http:\/\/www.ardacol.fr\/wp-content\/uploads\/2015\/07\/Televerser-un-programmer.pdf\"><span style=\"color: #0000ff;\">Televerser un programmer<\/span><\/a> &#8212;<a href=\"http:\/\/www.ardacol.fr\/wp-content\/uploads\/2015\/07\/Notation-1.pptx\"><span style=\"color: #0000ff;\">Notation<\/span><\/a> &#8212; <a href=\"http:\/\/www.ardacol.fr\/wp-content\/uploads\/2015\/07\/Coup-de-pouce-1.pdf\"><span style=\"color: #0000ff;\">Coup de pouce 1<\/span><\/a> &#8212; <a href=\"http:\/\/www.ardacol.fr\/wp-content\/uploads\/2015\/07\/Coup-de-pouce-2.pdf\"><span style=\"color: #0000ff;\">Coup de pouce 2<\/span><\/a> &#8212; <a href=\"http:\/\/www.ardacol.fr\/wp-content\/uploads\/2015\/07\/Coup-de-pouce-3.pdf\"><span style=\"color: #0000ff;\">Coup de pouce 3<\/span><\/a> &#8212;<a href=\"http:\/\/www.ardacol.fr\/wp-content\/uploads\/2015\/07\/Coup-de-pouce-4.pdf\"><span style=\"color: #0000ff;\">Coup de pouce 4<\/span><\/a><\/p>\n<hr \/>\n<h1>Programmation sur Tinkercad<\/h1>\n<ul>\n<li>TP : <a href=\"http:\/\/www.ardacol.fr\/wp-content\/uploads\/2015\/07\/1-Programmer_carte_arduino-sur-Tinkercad.pdf\"><span style=\"color: #0000ff;\">Fiche TP1<\/span><\/a>&#8212; <a href=\"http:\/\/www.ardacol.fr\/wp-content\/uploads\/2015\/07\/2-Pilotage-Servomoteur-avec-une-carte-Arduino.pdf\"><span style=\"color: #0000ff;\">Fiche TP2 piloter un servomoteur<\/span><\/a><span style=\"color: #0000ff;\">&#8211;<\/span>&#8212; <a href=\"http:\/\/www.ardacol.fr\/wp-content\/uploads\/2015\/07\/3-Rem\u00e9diation-correction.pdf\"><span style=\"color: #0000ff;\">Rem\u00e9diation <\/span><\/a>&#8212;<a href=\"http:\/\/www.ardacol.fr\/wp-content\/uploads\/2015\/07\/Correction-en-classe-enti\u00e8re-2022.docx\"><span style=\"color: #0000ff;\">Rem\u00e9diation modifiable<\/span><\/a><\/li>\n<\/ul>\n<hr \/>\n<h1><span style=\"color: #000000;\">Pr\u00e9sentation orale \u00ab\u00a0\u00c9tudier la structure et le comportement d&rsquo;un objet technique\u00a0\u00bb<\/span><\/h1>\n<ul>\n<li><span style=\"color: #0000ff;\"><a href=\"http:\/\/www.ardacol.fr\/wp-content\/uploads\/2015\/07\/Fiche-activit\u00e9-pr\u00e9senter-un-r\u00e9sultat-de-recherche.pdf\"><span style=\"color: #0000ff;\">Fiche activit\u00e9<\/span> <\/a><\/span>&#8212; <a href=\"http:\/\/www.ardacol.fr\/wp-content\/uploads\/2015\/07\/Fiche-activit\u00e9.docx\">Fiche activit\u00e9 modifiable<\/a> &#8212;\u00a0<a href=\"http:\/\/www.ardacol.fr\/wp-content\/uploads\/2015\/07\/Pr\u00e9sentation-\u00e0-faire-.pdf\"><span style=\"color: #0000ff;\">Contenu de la pr\u00e9sentation<\/span><\/a> &#8212;\u00a0<a href=\"http:\/\/www.ardacol.fr\/wp-content\/uploads\/2015\/07\/Pr\u00e9sentation-\u00e0-faire-.odt\">Contenu de la pr\u00e9sentation modifiable<\/a><\/li>\n<li>Les ressources (\u00a0 <a href=\"https:\/\/drive.google.com\/drive\/folders\/1tPPkXi4KSqXeXIgZMSM3URZ5mzLhDip3?usp=sharing\"><span style=\"color: #0000ff;\">Lien vers le Drive<\/span><\/a> )<\/li>\n<\/ul>\n<hr \/>\n","protected":false},"excerpt":{"rendered":"<p>Confort visuel Activit\u00e9 : Fiche \u00e9l\u00e8ve , Fiche modifiable Ressources : Ressource \u00e9clairage, Ressource pour la partie 3 de l&rsquo;activit\u00e9 Correction : Fiche \u00e9l\u00e8ve correction, Fiche \u00e9l\u00e8ve correction partie 1 Fiche \u00e9l\u00e8ve correction partie 2 Synth\u00e8se : Synth\u00e8se le confort visuel Pr\u00e9requis : Cha\u00eene fonctionnelle des objets techniques LES PROJETS TP0 : Initiation \u00e0 l&rsquo;utilisation [&hellip;]<\/p>\n","protected":false},"author":1,"featured_media":0,"parent":0,"menu_order":1,"comment_status":"open","ping_status":"open","template":"template-fullwidth.php","meta":{"footnotes":""},"class_list":["post-21","page","type-page","status-publish","hentry"],"_links":{"self":[{"href":"http:\/\/www.ardacol.fr\/index.php\/wp-json\/wp\/v2\/pages\/21","targetHints":{"allow":["GET"]}}],"collection":[{"href":"http:\/\/www.ardacol.fr\/index.php\/wp-json\/wp\/v2\/pages"}],"about":[{"href":"http:\/\/www.ardacol.fr\/index.php\/wp-json\/wp\/v2\/types\/page"}],"author":[{"embeddable":true,"href":"http:\/\/www.ardacol.fr\/index.php\/wp-json\/wp\/v2\/users\/1"}],"replies":[{"embeddable":true,"href":"http:\/\/www.ardacol.fr\/index.php\/wp-json\/wp\/v2\/comments?post=21"}],"version-history":[{"count":64,"href":"http:\/\/www.ardacol.fr\/index.php\/wp-json\/wp\/v2\/pages\/21\/revisions"}],"predecessor-version":[{"id":1829,"href":"http:\/\/www.ardacol.fr\/index.php\/wp-json\/wp\/v2\/pages\/21\/revisions\/1829"}],"wp:attachment":[{"href":"http:\/\/www.ardacol.fr\/index.php\/wp-json\/wp\/v2\/media?parent=21"}],"curies":[{"name":"wp","href":"https:\/\/api.w.org\/{rel}","templated":true}]}}