{"id":615,"date":"2015-10-24T13:18:58","date_gmt":"2015-10-24T12:18:58","guid":{"rendered":"http:\/\/www.ardacol.fr\/?page_id=615"},"modified":"2017-01-13T11:33:36","modified_gmt":"2017-01-13T10:33:36","slug":"realisation-dun-systeme-pour-aider-m-azouaou-a-garer-sa-voiture","status":"publish","type":"page","link":"http:\/\/www.ardacol.fr\/index.php\/niveau-troisieme-4eme\/realisation-dun-systeme-pour-aider-m-azouaou-a-garer-sa-voiture\/","title":{"rendered":"R\u00e9alisation d&rsquo;un syst\u00e8me pour aider M.Azouaou \u00e0 garer sa voiture"},"content":{"rendered":"<p>Fiche \u00e9l\u00e8ve :<\/p>\n<ul>\n<li><span style=\"color: #0000ff;\"><a style=\"color: #0000ff;\" href=\"http:\/\/www.ardacol.fr\/wp-content\/uploads\/2015\/10\/Fiche-eleve-1.pdf\">Fichier PDF<\/a>,\u00a0<a style=\"color: #0000ff;\" href=\"http:\/\/www.ardacol.fr\/wp-content\/uploads\/2015\/10\/Fiche-eleve-1.docx\">Fichier Word<\/a><\/span><\/li>\n<\/ul>\n<p>Les ressources :<\/p>\n<ul>\n<li><span style=\"color: #0000ff;\"><a style=\"color: #0000ff;\" href=\"http:\/\/www.ardacol.fr\/wp-content\/uploads\/2015\/10\/Garage.pdf\">Garage PDF<\/a><\/span><\/li>\n<li><span style=\"color: #0000ff;\"><a style=\"color: #0000ff;\" href=\"http:\/\/www.ardacol.fr\/wp-content\/uploads\/2015\/10\/chaine-fonctionnelle1.pdf\">Cha\u00eene fonctionnelle PDF<\/a>,\u00a0<a style=\"color: #0000ff;\" href=\"http:\/\/www.ardacol.fr\/wp-content\/uploads\/2015\/10\/chaine-fonctionnelle1.pptx\">Cha\u00eene fonctionnelle PowerPoint<\/a><\/span><\/li>\n<li><span style=\"color: #0000ff;\"><a style=\"color: #0000ff;\" href=\"http:\/\/www.ardacol.fr\/wp-content\/uploads\/2015\/10\/Schema-electrique1.pdf\">Sch\u00e9ma \u00e9lectrique PDF<\/a>,\u00a0<a style=\"color: #0000ff;\" href=\"http:\/\/www.ardacol.fr\/wp-content\/uploads\/2015\/10\/Schema-electrique1.pptx\">Sch\u00e9ma \u00e9lectrique PowerPoint<\/a><\/span><\/li>\n<li><span style=\"color: #0000ff;\"><a style=\"color: #0000ff;\" href=\"http:\/\/www.ardacol.fr\/wp-content\/uploads\/2015\/10\/Capteur_Ultrason1.pdf\">Capteur_Ultrason.ino<\/a><\/span><\/li>\n<li><span style=\"color: #0000ff;\"><a style=\"color: #0000ff;\" href=\"http:\/\/www.ardacol.fr\/wp-content\/uploads\/2015\/10\/Verification-schema1.pdf\">V\u00e9rification sch\u00e9ma PDF<\/a>,\u00a0<a style=\"color: #0000ff;\" href=\"http:\/\/www.ardacol.fr\/wp-content\/uploads\/2015\/10\/Verification-schema1.pptx\">V\u00e9rification sch\u00e9ma PowerPoint<\/a><\/span><\/li>\n<li><span style=\"color: #0000ff;\"><a style=\"color: #0000ff;\" href=\"http:\/\/www.ardacol.fr\/wp-content\/uploads\/2015\/10\/Programmation.pdf\">Programmation PDF<\/a>,\u00a0<a style=\"color: #0000ff;\" href=\"http:\/\/www.ardacol.fr\/wp-content\/uploads\/2015\/10\/Programmation.pptx\">Programmation PowerPoint<\/a><\/span><\/li>\n<\/ul>\n<p>Correction :<\/p>\n<ul>\n<li><span style=\"color: #ff0000;\"><a style=\"color: #ff0000;\" href=\"http:\/\/www.ardacol.fr\/index.php\/niveau-troisieme-4eme\/correction-4eme\/\" target=\"_blank\">Cha\u00eene fonctionnelle\u00a0<\/a><\/span><\/li>\n<li><span style=\"color: #ff0000;\"><a style=\"color: #ff0000;\" href=\"http:\/\/www.ardacol.fr\/index.php\/niveau-troisieme-4eme\/correction-4eme\/\" target=\"_blank\">Programme\u00a0<\/a><\/span><\/li>\n<\/ul>\n<p>Mat\u00e9riels n\u00e9cessaires :<\/p>\n<ul>\n<li>Carte Arduino, capteur ultrason, fils mal_mal, LED, c\u00e2ble USB type A\\B, plaque d&rsquo;essai<\/li>\n<\/ul>\n<p>Logiciel :<\/p>\n<ul>\n<li>Arduino,\u00a0ArduBlock<\/li>\n<\/ul>\n<hr \/>\n<p>L&rsquo;\u00e9l\u00e8ve doit bien comprendre la situation probl\u00e8me, par la suite il doit commencer \u00e0 r\u00e9pondre au plan de recherche de la fiche suivante :<\/p>\n<p><span style=\"text-decoration: underline;\"><strong>Fiche \u00e9l\u00e8ve :<\/strong><\/span><\/p>\n<hr \/>\n<p>&nbsp;<\/p>\n<p><img decoding=\"async\" class=\"aligncenter wp-image-757 size-full\" src=\"http:\/\/www.ardacol.fr\/wp-content\/uploads\/2015\/10\/FICHE-ELEVE1.jpg\" alt=\"FICHE ELEVE1\" width=\"100%\" height=\"100%\" srcset=\"http:\/\/www.ardacol.fr\/wp-content\/uploads\/2015\/10\/FICHE-ELEVE1.jpg 824w, http:\/\/www.ardacol.fr\/wp-content\/uploads\/2015\/10\/FICHE-ELEVE1-300x166.jpg 300w, http:\/\/www.ardacol.fr\/wp-content\/uploads\/2015\/10\/FICHE-ELEVE1-250x138.jpg 250w\" sizes=\"(max-width: 824px) 100vw, 824px\" \/><\/p>\n<hr \/>\n<p>&nbsp;<\/p>\n<p><span style=\"text-decoration: underline;\"><strong>Document Garage.PDF:\u00a0<\/strong><\/span><\/p>\n<hr \/>\n<p>&nbsp;<\/p>\n<p><img decoding=\"async\" class=\"alignnone wp-image-759 size-full\" src=\"http:\/\/www.ardacol.fr\/wp-content\/uploads\/2015\/10\/Garage1.jpg\" alt=\"Garage1\" width=\"100%\" height=\"100%\" srcset=\"http:\/\/www.ardacol.fr\/wp-content\/uploads\/2015\/10\/Garage1.jpg 716w, http:\/\/www.ardacol.fr\/wp-content\/uploads\/2015\/10\/Garage1-300x219.jpg 300w, http:\/\/www.ardacol.fr\/wp-content\/uploads\/2015\/10\/Garage1-250x183.jpg 250w\" sizes=\"(max-width: 716px) 100vw, 716px\" \/><\/p>\n<p>&nbsp;<\/p>\n<hr \/>\n<p><img decoding=\"async\" class=\"alignnone wp-image-760 size-full\" src=\"http:\/\/www.ardacol.fr\/wp-content\/uploads\/2015\/10\/Garage2.jpg\" alt=\"Garage2\" width=\"100%\" height=\"100%\" srcset=\"http:\/\/www.ardacol.fr\/wp-content\/uploads\/2015\/10\/Garage2.jpg 682w, http:\/\/www.ardacol.fr\/wp-content\/uploads\/2015\/10\/Garage2-300x220.jpg 300w, http:\/\/www.ardacol.fr\/wp-content\/uploads\/2015\/10\/Garage2-250x183.jpg 250w\" sizes=\"(max-width: 682px) 100vw, 682px\" \/><\/p>\n<hr \/>\n<p><img decoding=\"async\" class=\"alignnone wp-image-761 size-full\" src=\"http:\/\/www.ardacol.fr\/wp-content\/uploads\/2015\/10\/Garage3.jpg\" alt=\"Garage3\" width=\"100%\" height=\"100%\" srcset=\"http:\/\/www.ardacol.fr\/wp-content\/uploads\/2015\/10\/Garage3.jpg 699w, http:\/\/www.ardacol.fr\/wp-content\/uploads\/2015\/10\/Garage3-300x188.jpg 300w, http:\/\/www.ardacol.fr\/wp-content\/uploads\/2015\/10\/Garage3-250x157.jpg 250w\" sizes=\"(max-width: 699px) 100vw, 699px\" \/><\/p>\n<hr \/>\n<p><strong><span style=\"text-decoration: underline;\">R\u00e9ponse attendue<\/span> :\u00a0<\/strong><\/p>\n<h2><span style=\"text-decoration: underline;\"><strong><span style=\"color: #0000ff; text-decoration: underline;\">-D\u00e9finir le syst\u00e8me choisi :<\/span><\/strong><\/span><\/h2>\n<p><span style=\"color: #000000;\">Chaque \u00e9l\u00e8ve doit proposer un syst\u00e8me en faisant des croquis sur un brouillon, apr\u00e8s un long d\u00e9bat nous devons\u00a0tous partir sur une seule solution.<\/span><\/p>\n<p>La solution finale \u00e0 choisir est la suivante :<\/p>\n<p>Nous proposons de mettre \u00e0 la place du pneu un capteur Ultrason (d\u00e9tecteur de mouvements) qui au moment o\u00f9 il d\u00e9tecte la voiture \u00e0 <strong>une distance inf\u00e9rieure ou \u00e9gale \u00e0 25cm,<\/strong> une ampoule s&rsquo;allume pour communiquer l&rsquo;information \u00e0 M.Azouaou.<\/p>\n<p>Voir la solution en image :<\/p>\n<p><img decoding=\"async\" class=\"aligncenter wp-image-630 size-full\" src=\"http:\/\/www.ardacol.fr\/wp-content\/uploads\/2015\/10\/Solution.jpg\" alt=\"Solution\" width=\"100%\" height=\"100%\" srcset=\"http:\/\/www.ardacol.fr\/wp-content\/uploads\/2015\/10\/Solution.jpg 742w, http:\/\/www.ardacol.fr\/wp-content\/uploads\/2015\/10\/Solution-300x224.jpg 300w, http:\/\/www.ardacol.fr\/wp-content\/uploads\/2015\/10\/Solution-250x186.jpg 250w\" sizes=\"(max-width: 742px) 100vw, 742px\" \/><\/p>\n<h2><span style=\"color: #0000ff;\"><span style=\"text-decoration: underline;\"><strong>-Le mat\u00e9riel n\u00e9cessaire pour r\u00e9aliser le syst\u00e8me :<\/strong><\/span>\u00a0<\/span><\/h2>\n<ul>\n<li>Capteur Ultrason<\/li>\n<li>Carte arduino<\/li>\n<li>Fils \u00e9lectriques<\/li>\n<li>Alimentation \u00e9lectrique (Entre 5 et 9 Volts)<\/li>\n<li>Une LED<\/li>\n<li>Interrupteur<\/li>\n<\/ul>\n<h2><span style=\"text-decoration: underline;\"><strong><span style=\"color: #0000ff; text-decoration: underline;\">-R\u00e9aliser la cha\u00eene fonctionnelle du syst\u00e8me :\u00a0<\/span><\/strong><\/span><\/h2>\n<p>L&rsquo;\u00e9l\u00e8ve doit remplir la cha\u00eene fonctionnelle suivante avec la liste des composants pr\u00e9c\u00e9dents:<\/p>\n<p><img decoding=\"async\" class=\"aligncenter wp-image-636 size-full\" src=\"http:\/\/www.ardacol.fr\/wp-content\/uploads\/2015\/10\/Chaine-fonctionnelle.jpg\" alt=\"Chaine fonctionnelle\" width=\"100%\" height=\"100%\" srcset=\"http:\/\/www.ardacol.fr\/wp-content\/uploads\/2015\/10\/Chaine-fonctionnelle.jpg 764w, http:\/\/www.ardacol.fr\/wp-content\/uploads\/2015\/10\/Chaine-fonctionnelle-300x182.jpg 300w, http:\/\/www.ardacol.fr\/wp-content\/uploads\/2015\/10\/Chaine-fonctionnelle-250x152.jpg 250w\" sizes=\"(max-width: 764px) 100vw, 764px\" \/><\/p>\n<p>&nbsp;<\/p>\n<h2><span style=\"color: #0000ff;\"><span style=\"text-decoration: underline;\"><strong>-R\u00e9aliser le sch\u00e9ma \u00e9lectrique suivant :<\/strong><\/span>\u00a0<\/span><\/h2>\n<p><img loading=\"lazy\" decoding=\"async\" class=\"aligncenter wp-image-638\" src=\"http:\/\/www.ardacol.fr\/wp-content\/uploads\/2015\/10\/Schema-de-cablage.jpg\" alt=\"Schema de cablage\" width=\"550\" height=\"605\" srcset=\"http:\/\/www.ardacol.fr\/wp-content\/uploads\/2015\/10\/Schema-de-cablage.jpg 499w, http:\/\/www.ardacol.fr\/wp-content\/uploads\/2015\/10\/Schema-de-cablage-273x300.jpg 273w, http:\/\/www.ardacol.fr\/wp-content\/uploads\/2015\/10\/Schema-de-cablage-227x250.jpg 227w\" sizes=\"auto, (max-width: 550px) 100vw, 550px\" \/><\/p>\n<p>&nbsp;<\/p>\n<h2><span style=\"color: #0000ff;\"><strong><span style=\"text-decoration: underline;\">-Programmer la carte Arduino pour faire fonctionner le syst\u00e8me :<\/span><\/strong><\/span><\/h2>\n<h1><strong><span style=\"color: #ff0000;\">Programmation avec ARDUBLOCK<\/span><\/strong><\/h1>\n<p>Voici le programme \u00e0 r\u00e9aliser par les \u00e9l\u00e8ves pour faire fonctionner le syst\u00e8me :<\/p>\n<p><img loading=\"lazy\" decoding=\"async\" class=\"alignnone wp-image-1142\" src=\"http:\/\/www.ardacol.fr\/wp-content\/uploads\/2015\/10\/Programme-sous-ardublock-pour-allumer-une-led-en-fonction-de-la-distance-capt\u00e9-par-lultrason.jpg\" width=\"950\" height=\"389\" srcset=\"http:\/\/www.ardacol.fr\/wp-content\/uploads\/2015\/10\/Programme-sous-ardublock-pour-allumer-une-led-en-fonction-de-la-distance-capt\u00e9-par-lultrason.jpg 1058w, http:\/\/www.ardacol.fr\/wp-content\/uploads\/2015\/10\/Programme-sous-ardublock-pour-allumer-une-led-en-fonction-de-la-distance-capt\u00e9-par-lultrason-300x123.jpg 300w, http:\/\/www.ardacol.fr\/wp-content\/uploads\/2015\/10\/Programme-sous-ardublock-pour-allumer-une-led-en-fonction-de-la-distance-capt\u00e9-par-lultrason-768x314.jpg 768w, http:\/\/www.ardacol.fr\/wp-content\/uploads\/2015\/10\/Programme-sous-ardublock-pour-allumer-une-led-en-fonction-de-la-distance-capt\u00e9-par-lultrason-1024x419.jpg 1024w, http:\/\/www.ardacol.fr\/wp-content\/uploads\/2015\/10\/Programme-sous-ardublock-pour-allumer-une-led-en-fonction-de-la-distance-capt\u00e9-par-lultrason-250x102.jpg 250w\" sizes=\"auto, (max-width: 950px) 100vw, 950px\" \/><\/p>\n<h1><strong><span style=\"color: #ff0000;\">Programmation avec Arduino (Facultatif) : \u00a0<\/span><\/strong><\/h1>\n<p>Avant de commencer \u00e0 programmer la carte, il est indispensable de v\u00e9rifier le bon fonctionnement du sch\u00e9ma de c\u00e2blage,vous trouverez donc dans ressources un programme appel\u00e9 \u00ab\u00a0<span style=\"color: #0000ff;\"><a style=\"color: #0000ff;\" href=\"http:\/\/www.ardacol.fr\/wp-content\/uploads\/2015\/10\/Capteur_Ultrason.pdf\">Capteur_Ultrason<\/a><\/span>\u00a0\u00bb , vous devez l&rsquo;ouvrir et par\u00a0la suite suivre les instructions du document \u00ab\u00a0<span style=\"color: #0000ff;\"><a style=\"color: #0000ff;\" href=\"http:\/\/www.ardacol.fr\/wp-content\/uploads\/2015\/10\/Verification-schema.pdf\">V\u00e9rification Sch\u00e9ma<\/a><\/span>\u00a0\u00bb .<\/p>\n<p><span style=\"text-decoration: underline;\"><strong>V\u00e9rification Sch\u00e9ma :<\/strong><\/span><\/p>\n<hr \/>\n<p>&nbsp;<\/p>\n<p><span style=\"text-decoration: underline;\"><strong><img decoding=\"async\" class=\"alignnone wp-image-655 size-full\" src=\"http:\/\/www.ardacol.fr\/wp-content\/uploads\/2015\/10\/Verification-schema-1.jpg\" alt=\"Verification schema 1\" width=\"100%\" height=\"100%\" srcset=\"http:\/\/www.ardacol.fr\/wp-content\/uploads\/2015\/10\/Verification-schema-1.jpg 783w, http:\/\/www.ardacol.fr\/wp-content\/uploads\/2015\/10\/Verification-schema-1-300x218.jpg 300w, http:\/\/www.ardacol.fr\/wp-content\/uploads\/2015\/10\/Verification-schema-1-250x181.jpg 250w\" sizes=\"(max-width: 783px) 100vw, 783px\" \/> <img decoding=\"async\" class=\"alignnone wp-image-656 size-full\" src=\"http:\/\/www.ardacol.fr\/wp-content\/uploads\/2015\/10\/Verification-schema-2.jpg\" alt=\"Verification schema 2\" width=\"100%\" height=\"100%\" srcset=\"http:\/\/www.ardacol.fr\/wp-content\/uploads\/2015\/10\/Verification-schema-2.jpg 737w, http:\/\/www.ardacol.fr\/wp-content\/uploads\/2015\/10\/Verification-schema-2-300x206.jpg 300w, http:\/\/www.ardacol.fr\/wp-content\/uploads\/2015\/10\/Verification-schema-2-250x171.jpg 250w\" sizes=\"(max-width: 737px) 100vw, 737px\" \/><\/strong><\/span><\/p>\n<hr \/>\n<p>Pour pouvoir r\u00e9aliser votre programme vous aurez besoin de <span style=\"color: #0000ff;\">trois\u00a0instructions<\/span>, je vous expliquerai leurs fonctionnements, et vous allez les introduire dans la partie d\u00e9di\u00e9e dans le programme.<\/p>\n<ul>\n<li>Instruction : <span style=\"color: #0000ff;\">digitalWrite(13,HIGH) ; <span style=\"color: #000000;\">\/\/ Cette instruction permet d&rsquo;allumer la LED branch\u00e9e au pin 13 de la carte Arduino.<\/span><\/span><\/li>\n<li>Instruction :\u00a0<span style=\"color: #0000ff;\">digitalWrite(13,LOW) ; <span style=\"color: #000000;\">\/\/ Cette instruction permet d&rsquo;\u00e9teindre la LED branch\u00e9e au pin 13 de la carte Arduino.<\/span><\/span><\/li>\n<li>Instruction : <span style=\"color: #0000ff;\">if (Condition) { Action ; }<\/span> \/\/ \u00ab\u00a0<span style=\"color: #0000ff;\">if\u00a0\u00bb<\/span> en fran\u00e7ais veut dire \u00ab\u00a0<span style=\"color: #0000ff;\">si<\/span>\u00a0\u00bb Cette instruction permet d\u2019ex\u00e9cuter l&rsquo;<span style=\"color: #0000ff;\">Action<\/span> qui se trouve entre les accolades si la <span style=\"color: #0000ff;\">Condition<\/span> d\u00e9crite entre les parenth\u00e8ses est r\u00e9alis\u00e9e (correct).<\/li>\n<\/ul>\n<p><strong><span style=\"text-decoration: underline;\">Exemple d&rsquo;utilisation de ces instructions<\/span> :\u00a0<\/strong><\/p>\n<p>Je souhaite\u00a0r\u00e9aliser un programme permettant d&rsquo;allumer et d&rsquo;\u00e9teindre une LED branch\u00e9e au pin 10 de la carte, la condition pour l&rsquo;allumer est que: les d\u00e9cibels\u00a0(Son) doivent \u00eatre sup\u00e9rieurs \u00e0 15 et pour l&rsquo;\u00e9teindre: les d\u00e9cibels doivent \u00eatre inf\u00e9rieurs \u00e0 15.<\/p>\n<p>Alors notre <span style=\"color: #0000ff;\">Condition<\/span> ici est la variation des d\u00e9cibels. En effet sa valeur influence sur la LED comme expliqu\u00e9 ci-dessus.<\/p>\n<p>Donc le programme est le suivant :<\/p>\n<p>\/\/_________________________________________________________________________________<\/p>\n<p><span style=\"color: #ff6600;\">if\u00a0<\/span>(d\u00e9cibels &gt; 15) { <span style=\"color: #ff6600;\">digitalWrite<\/span>(10,<span style=\"color: #0000ff;\">HIGH<\/span>); } \/\/ Si les d\u00e9cibels sont sup\u00e9rieur \u00e0 15 la LED s&rsquo;allume.<\/p>\n<p><span style=\"color: #ff6600;\">if\u00a0<\/span>(d\u00e9cibels &lt;15) { <span style=\"color: #ff6600;\">digitalWrite<\/span>(10, <span style=\"color: #0000ff;\">LOW<\/span>); } \/\/\u00a0Si les d\u00e9cibels sont inf\u00e9rieurs \u00e0 15 la LED s\u2019\u00e9teint.<\/p>\n<p>\/\/_________________________________________________________________________________<\/p>\n<p>&nbsp;<\/p>\n<p><img decoding=\"async\" class=\"alignnone wp-image-668 size-full\" src=\"http:\/\/www.ardacol.fr\/wp-content\/uploads\/2015\/10\/Programme.jpg\" alt=\"Programme\" width=\"100%\" height=\"100%\" srcset=\"http:\/\/www.ardacol.fr\/wp-content\/uploads\/2015\/10\/Programme.jpg 645w, http:\/\/www.ardacol.fr\/wp-content\/uploads\/2015\/10\/Programme-300x225.jpg 300w, http:\/\/www.ardacol.fr\/wp-content\/uploads\/2015\/10\/Programme-250x188.jpg 250w\" sizes=\"(max-width: 645px) 100vw, 645px\" \/><\/p>\n","protected":false},"excerpt":{"rendered":"<p>Fiche \u00e9l\u00e8ve : Fichier PDF,\u00a0Fichier Word Les ressources : Garage PDF Cha\u00eene fonctionnelle PDF,\u00a0Cha\u00eene fonctionnelle PowerPoint Sch\u00e9ma \u00e9lectrique PDF,\u00a0Sch\u00e9ma \u00e9lectrique PowerPoint Capteur_Ultrason.ino V\u00e9rification sch\u00e9ma PDF,\u00a0V\u00e9rification sch\u00e9ma PowerPoint Programmation PDF,\u00a0Programmation PowerPoint Correction : Cha\u00eene fonctionnelle\u00a0 Programme\u00a0 Mat\u00e9riels n\u00e9cessaires : Carte Arduino, capteur ultrason, fils mal_mal, LED, c\u00e2ble USB type A\\B, plaque d&rsquo;essai Logiciel : Arduino,\u00a0ArduBlock L&rsquo;\u00e9l\u00e8ve [&hellip;]<\/p>\n","protected":false},"author":1,"featured_media":0,"parent":21,"menu_order":0,"comment_status":"closed","ping_status":"closed","template":"template-fullwidth.php","meta":{"footnotes":""},"class_list":["post-615","page","type-page","status-publish","hentry"],"_links":{"self":[{"href":"http:\/\/www.ardacol.fr\/index.php\/wp-json\/wp\/v2\/pages\/615","targetHints":{"allow":["GET"]}}],"collection":[{"href":"http:\/\/www.ardacol.fr\/index.php\/wp-json\/wp\/v2\/pages"}],"about":[{"href":"http:\/\/www.ardacol.fr\/index.php\/wp-json\/wp\/v2\/types\/page"}],"author":[{"embeddable":true,"href":"http:\/\/www.ardacol.fr\/index.php\/wp-json\/wp\/v2\/users\/1"}],"replies":[{"embeddable":true,"href":"http:\/\/www.ardacol.fr\/index.php\/wp-json\/wp\/v2\/comments?post=615"}],"version-history":[{"count":51,"href":"http:\/\/www.ardacol.fr\/index.php\/wp-json\/wp\/v2\/pages\/615\/revisions"}],"predecessor-version":[{"id":1161,"href":"http:\/\/www.ardacol.fr\/index.php\/wp-json\/wp\/v2\/pages\/615\/revisions\/1161"}],"up":[{"embeddable":true,"href":"http:\/\/www.ardacol.fr\/index.php\/wp-json\/wp\/v2\/pages\/21"}],"wp:attachment":[{"href":"http:\/\/www.ardacol.fr\/index.php\/wp-json\/wp\/v2\/media?parent=615"}],"curies":[{"name":"wp","href":"https:\/\/api.w.org\/{rel}","templated":true}]}}