{"id":695,"date":"2015-11-03T14:39:51","date_gmt":"2015-11-03T13:39:51","guid":{"rendered":"http:\/\/www.ardacol.fr\/?page_id=695"},"modified":"2017-01-13T11:33:03","modified_gmt":"2017-01-13T10:33:03","slug":"realisation-dun-signal-s-o-s-sonore","status":"publish","type":"page","link":"http:\/\/www.ardacol.fr\/index.php\/niveau-troisieme-4eme\/realisation-dun-signal-s-o-s-sonore\/","title":{"rendered":"R\u00e9alisation d&rsquo;un signal S.O.S sonore"},"content":{"rendered":"<p>Fiche \u00e9l\u00e8ve :<\/p>\n<ul>\n<li><span style=\"color: #0000ff;\"><a style=\"color: #0000ff;\" href=\"http:\/\/www.ardacol.fr\/wp-content\/uploads\/2015\/11\/Fiche-eleve-.pdf\">Fiche \u00e9l\u00e8ve PDF<\/a>,\u00a0<a style=\"color: #0000ff;\" href=\"http:\/\/www.ardacol.fr\/wp-content\/uploads\/2015\/11\/Fiche-eleve-.docx\">Fiche \u00e9l\u00e8ve Word<\/a><\/span><\/li>\n<\/ul>\n<p>Les ressources :<\/p>\n<ul>\n<li><span style=\"color: #0000ff;\"><a style=\"color: #0000ff;\" href=\"http:\/\/www.ardacol.fr\/wp-content\/uploads\/2015\/10\/SIGNAL-SOS.pdf\">SIGNAL SOS PDF<\/a>,\u00a0<a style=\"color: #0000ff;\" href=\"http:\/\/www.ardacol.fr\/wp-content\/uploads\/2015\/10\/SIGNAL-SOS.docx\">SIGNAL SOS Word<\/a><\/span><\/li>\n<li><span style=\"color: #0000ff;\"><a style=\"color: #0000ff;\" href=\"http:\/\/www.ardacol.fr\/wp-content\/uploads\/2015\/10\/Composants.pdf\">Composants PDF<\/a>,\u00a0<a style=\"color: #0000ff;\" href=\"http:\/\/www.ardacol.fr\/wp-content\/uploads\/2015\/10\/Composants.pptx\">Composants PowerPoint<\/a><\/span><\/li>\n<li><span style=\"color: #0000ff;\"><a style=\"color: #0000ff;\" href=\"http:\/\/www.ardacol.fr\/wp-content\/uploads\/2015\/11\/chaine-fonctionnelle.pdf\">Cha\u00eene fonctionnelle PDF<\/a>,\u00a0<a style=\"color: #0000ff;\" href=\"http:\/\/www.ardacol.fr\/wp-content\/uploads\/2015\/11\/chaine-fonctionnelle.pptx\">Cha\u00eene fonctionnelle PowerPoint<\/a><\/span><\/li>\n<li><span style=\"color: #0000ff;\"><a style=\"color: #0000ff;\" href=\"http:\/\/www.ardacol.fr\/wp-content\/uploads\/2015\/11\/Schema-electrique.pdf\">Sch\u00e9ma \u00e9lectrique<\/a>\u00a0PDF,\u00a0<a style=\"color: #0000ff;\" href=\"http:\/\/www.ardacol.fr\/wp-content\/uploads\/2015\/11\/Schema-electrique.pptx\">Sch\u00e9ma \u00e9lectrique PowerPoint<\/a><\/span><\/li>\n<\/ul>\n<p>Correction :<\/p>\n<ul>\n<li><a href=\"http:\/\/www.ardacol.fr\/index.php\/niveau-troisieme-4eme\/correction-4eme\/\" target=\"_blank\"><span style=\"color: #ff0000;\">Cha\u00eene fonctionnelle<\/span><\/a><\/li>\n<li><a href=\"http:\/\/www.ardacol.fr\/index.php\/niveau-troisieme-4eme\/correction-4eme\/\" target=\"_blank\"><span style=\"color: #ff0000;\">Programme<\/span><\/a><\/li>\n<\/ul>\n<p>Mat\u00e9riels n\u00e9cessaires :<\/p>\n<ul>\n<li>Carte Arduino, c\u00e2ble USB type A\/B, fils \u00e9lectriques, plaque d&rsquo;essai, Buzzer<\/li>\n<\/ul>\n<p>Logiciel :<\/p>\n<ul>\n<li>Arduino,\u00a0ArduBlock<\/li>\n<\/ul>\n<p>Les \u00e9l\u00e8ves doivent r\u00e9aliser un signal S.O.S sonore en partant de la situation de d\u00e9part suivante :<\/p>\n<p><span style=\"text-decoration: underline;\"><strong>Fiche \u00e9l\u00e8ve:\u00a0<\/strong><\/span><\/p>\n<hr \/>\n<p>&nbsp;<\/p>\n<p><img decoding=\"async\" class=\"alignnone wp-image-696 size-full\" src=\"http:\/\/www.ardacol.fr\/wp-content\/uploads\/2015\/11\/fichie-eleve.jpg\" alt=\"fichie eleve\" width=\"100%\" height=\"100%\" srcset=\"http:\/\/www.ardacol.fr\/wp-content\/uploads\/2015\/11\/fichie-eleve.jpg 874w, http:\/\/www.ardacol.fr\/wp-content\/uploads\/2015\/11\/fichie-eleve-300x147.jpg 300w, http:\/\/www.ardacol.fr\/wp-content\/uploads\/2015\/11\/fichie-eleve-250x122.jpg 250w\" sizes=\"(max-width: 874px) 100vw, 874px\" \/><\/p>\n<hr \/>\n<p>Pour pouvoir r\u00e9pondre au plan de recherche, ils vont utiliser les ressources partag\u00e9es sur le r\u00e9seau.<\/p>\n<h2><span style=\"text-decoration: underline;\">R\u00e9ponses attendues :<\/span><\/h2>\n<h2><span style=\"color: #0000ff;\">-D\u00e9finir un signal S.O.S :\u00a0<\/span><\/h2>\n<p><strong>Diff\u00e9rents signaux de d\u00e9tresse\u00a0:<\/strong><\/p>\n<p>Il existe diff\u00e9rents types de signaux de d\u00e9tresse. Vous pouvez les utiliser ensemble ou s\u00e9par\u00e9ment. Ils se d\u00e9coupent notamment en signaux :<\/p>\n<ul>\n<li>sonores,<\/li>\n<li>visuels.<\/li>\n<\/ul>\n<p>Tout d\u00e9pend ensuite de l&rsquo;environnement dans lequel vous vous trouvez. Sachez toutefois que, quelle que soit la situation, le signal de d\u00e9tresse <strong>le plus connu reste le \u00ab\u00a0SOS\u00a0\u00bb<\/strong>. Vous pouvez ainsi :<\/p>\n<ul>\n<li>\u00e9mettre un \u00ab\u00a0SOS\u00a0\u00bb sonore (3 sons courts, 3 longs, 3 courts) ;<\/li>\n<li>faire un \u00ab\u00a0SOS\u00a0\u00bb visuel (3 \u00e9clairages courts, 3 longs, 3 courts) avec une lampe de poche ou toute autre source lumineuse.<\/li>\n<\/ul>\n<p><strong>Sch\u00e9matiquement :<\/strong><\/p>\n<p><img decoding=\"async\" class=\"aligncenter wp-image-557 size-full\" src=\"http:\/\/www.ardacol.fr\/wp-content\/uploads\/2015\/10\/Schematiquement-SOS.gif\" alt=\"Schematiquement SOS\" width=\"100%\" height=\"100%\" \/><\/p>\n<h2><span style=\"color: #0000ff;\">-D\u00e9terminer le mat\u00e9riel n\u00e9cessaire pour r\u00e9aliser le signal S.O.S :\u00a0<\/span><\/h2>\n<p>En utilisant la ressource \u00ab\u00a0<span style=\"color: #0000ff;\"><a style=\"color: #0000ff;\" href=\"http:\/\/www.ardacol.fr\/wp-content\/uploads\/2015\/10\/Composants.pdf\">Composants PDF<\/a><\/span>\u00a0\u00bb Les \u00e9l\u00e8ves listeront les composants dont ils aurons besoin pour r\u00e9aliser le signal.<\/p>\n<p><span style=\"text-decoration: underline;\"><strong><span style=\"color: #ff0000; text-decoration: underline;\">Composants PDF :\u00a0<\/span><\/strong><\/span><\/p>\n<hr \/>\n<p>&nbsp;<\/p>\n<p><span style=\"text-decoration: underline;\"><strong><img decoding=\"async\" class=\"wp-image-565 size-full alignleft\" src=\"http:\/\/www.ardacol.fr\/wp-content\/uploads\/2015\/10\/Carte-arduino.gif\" alt=\"Carte arduino\" width=\"100%\" height=\"100%\" \/><img decoding=\"async\" class=\"wp-image-566 size-full alignleft\" src=\"http:\/\/www.ardacol.fr\/wp-content\/uploads\/2015\/10\/Afficheur-LCD.gif\" alt=\"Afficheur LCD\" width=\"100%\" height=\"100%\" \/><img decoding=\"async\" class=\"wp-image-567 size-full alignleft\" src=\"http:\/\/www.ardacol.fr\/wp-content\/uploads\/2015\/10\/Bipeur.gif\" alt=\"Bipeur\" width=\"100%\" height=\"100%\" \/><img decoding=\"async\" class=\"wp-image-568 size-full alignleft\" src=\"http:\/\/www.ardacol.fr\/wp-content\/uploads\/2015\/10\/Bouton-poussoir.gif\" alt=\"Bouton poussoir\" width=\"100%\" height=\"100%\" \/><img decoding=\"async\" class=\"wp-image-569 size-full alignleft\" src=\"http:\/\/www.ardacol.fr\/wp-content\/uploads\/2015\/10\/Capteur-ultrason.gif\" alt=\"Capteur ultrason\" width=\"100%\" height=\"100%\" \/><img decoding=\"async\" class=\"wp-image-570 size-full alignleft\" src=\"http:\/\/www.ardacol.fr\/wp-content\/uploads\/2015\/10\/LED.gif\" alt=\"LED\" width=\"100%\" height=\"100%\" \/><img decoding=\"async\" class=\"wp-image-571 size-full alignnone\" src=\"http:\/\/www.ardacol.fr\/wp-content\/uploads\/2015\/10\/Moteur.gif\" alt=\"Moteur\" width=\"100%\" height=\"100%\" \/><\/strong><\/span><\/p>\n<hr \/>\n<h2><span style=\"color: #0000ff;\">-R\u00e9aliser la cha\u00eene fonctionnelle du signal S.O.S :<\/span><\/h2>\n<p>Apr\u00e8s avoir list\u00e9 les composants n\u00e9cessaires, l&rsquo;\u00e9l\u00e8ve appellera le professeur pour les v\u00e9rifier, ensuite il lui donnera <span style=\"color: #339966;\">le feu vert<\/span> pour compl\u00e9ter la cha\u00eene fonctionnelle avec les composants choisis.<\/p>\n<p><img decoding=\"async\" class=\"alignnone wp-image-701 size-full\" src=\"http:\/\/www.ardacol.fr\/wp-content\/uploads\/2015\/11\/Chaine-fonctionnelle.jpg\" alt=\"Chaine fonctionnelle\" width=\"100%\" height=\"100%\" srcset=\"http:\/\/www.ardacol.fr\/wp-content\/uploads\/2015\/11\/Chaine-fonctionnelle.jpg 854w, http:\/\/www.ardacol.fr\/wp-content\/uploads\/2015\/11\/Chaine-fonctionnelle-300x189.jpg 300w, http:\/\/www.ardacol.fr\/wp-content\/uploads\/2015\/11\/Chaine-fonctionnelle-250x157.jpg 250w\" sizes=\"(max-width: 854px) 100vw, 854px\" \/><\/p>\n<h2><span style=\"color: #0000ff;\">-R\u00e9aliser le sch\u00e9ma \u00e9lectrique :<\/span><\/h2>\n<p>A l&rsquo;aide du document ressource<span style=\"color: #000000;\"> \u00ab\u00a0<\/span><span style=\"color: #0000ff;\"><a style=\"color: #0000ff;\" href=\"http:\/\/www.ardacol.fr\/wp-content\/uploads\/2015\/11\/Schema-electrique.pdf\">Sch\u00e9ma \u00e9lectrique<\/a>\u00a0<span style=\"color: #000000;\">\u00a0\u00bb\u00a0<\/span><\/span>et le mat\u00e9riel mis \u00e0 disposition, l&rsquo;\u00e9l\u00e8ve r\u00e9alisera le sch\u00e9ma \u00e9lectrique.<\/p>\n<hr \/>\n<p><img loading=\"lazy\" decoding=\"async\" class=\"wp-image-121 alignleft\" src=\"http:\/\/www.ardacol.fr\/wp-content\/uploads\/2015\/08\/Panneau-dexclamation.png\" alt=\"Panneau d'exclamation\" width=\"30\" height=\"27\" \/><span style=\"color: #ff6600;\"><a style=\"color: #ff6600;\" href=\"http:\/\/www.ardacol.fr\/wp-content\/uploads\/2015\/08\/Panneau-dexclamation.png\">l<\/a>&lsquo;\u00c9l\u00e8ve<span style=\"color: #ff6600;\">\u00a0ne doit pas avoir acc\u00e8s \u00e0 ce sch\u00e9ma tant qu&rsquo;il n&rsquo;a pas trait\u00e9 les questions pr\u00e9c\u00e9dentes.\u00a0<\/span><\/span><\/p>\n<hr \/>\n<p><img decoding=\"async\" class=\"alignnone wp-image-914 size-full\" src=\"http:\/\/www.ardacol.fr\/wp-content\/uploads\/2015\/11\/Schema-electrique-.gif\" alt=\"Schema electrique\" width=\"100%\" height=\"100%\" \/><\/p>\n<h2><span style=\"color: #0000ff;\">-Programmer la carte pour r\u00e9aliser le signal S.O.S :<\/span><\/h2>\n<p><strong><span style=\"color: #ff0000;\">Programmation sous Ardublock :<\/span><\/strong><\/p>\n<p>Voici le d\u00e9but du programme donn\u00e9 aux \u00e9l\u00e8ves, \u00e0 comprendre et \u00e0 compl\u00e9ter :<\/p>\n<p><img loading=\"lazy\" decoding=\"async\" class=\"alignnone size-full wp-image-1138\" src=\"http:\/\/www.ardacol.fr\/wp-content\/uploads\/2015\/11\/Programme-ardublock-pour-r\u00e9aliser-un-signal-sos-sonore.jpg\" alt=\"\" width=\"854\" height=\"644\" srcset=\"http:\/\/www.ardacol.fr\/wp-content\/uploads\/2015\/11\/Programme-ardublock-pour-r\u00e9aliser-un-signal-sos-sonore.jpg 854w, http:\/\/www.ardacol.fr\/wp-content\/uploads\/2015\/11\/Programme-ardublock-pour-r\u00e9aliser-un-signal-sos-sonore-300x226.jpg 300w, http:\/\/www.ardacol.fr\/wp-content\/uploads\/2015\/11\/Programme-ardublock-pour-r\u00e9aliser-un-signal-sos-sonore-768x579.jpg 768w, http:\/\/www.ardacol.fr\/wp-content\/uploads\/2015\/11\/Programme-ardublock-pour-r\u00e9aliser-un-signal-sos-sonore-250x189.jpg 250w\" sizes=\"auto, (max-width: 854px) 100vw, 854px\" \/><\/p>\n<p><strong><span style=\"color: #ff0000;\">Programmation sous Arduino (Facultatif):<\/span><\/strong><\/p>\n<p>Les \u00e9l\u00e8ves ouvriront le fichier \u00ab\u00a0SOS_son.ino\u00a0\u00bb \u00a0par la suite le t\u00e9l\u00e9verser dans la carte Arduino et observer ce qui se passe.<\/p>\n<p>Par la suite on donnera des explications sur le r\u00f4le des instructions : <span style=\"color: #ff6600;\">tone<\/span>(10,<span style=\"color: #000000;\">NOTE_C5<\/span>), <span style=\"color: #ff6600;\">delay<\/span>(100) et <span style=\"color: #ff6600;\">noTone<\/span>(10). C&rsquo;est largement suffisant pour que l&rsquo;\u00e9l\u00e8ve comprenne la logique \u00e0 suivre afin de r\u00e9aliser le signal attendu.<\/p>\n<p>Ce que l&rsquo;\u00e9l\u00e8ve doit comprendre :<\/p>\n<p><img decoding=\"async\" class=\"aligncenter wp-image-806 size-full\" src=\"http:\/\/www.ardacol.fr\/wp-content\/uploads\/2015\/11\/Porgramme_SON.jpg\" alt=\"Porgramme_SON\" width=\"100%\" height=\"100%\" srcset=\"http:\/\/www.ardacol.fr\/wp-content\/uploads\/2015\/11\/Porgramme_SON.jpg 759w, http:\/\/www.ardacol.fr\/wp-content\/uploads\/2015\/11\/Porgramme_SON-300x199.jpg 300w, http:\/\/www.ardacol.fr\/wp-content\/uploads\/2015\/11\/Porgramme_SON-250x166.jpg 250w\" sizes=\"(max-width: 759px) 100vw, 759px\" \/><\/p>\n<hr \/>\n<p>&nbsp;<\/p>\n","protected":false},"excerpt":{"rendered":"<p>Fiche \u00e9l\u00e8ve : Fiche \u00e9l\u00e8ve PDF,\u00a0Fiche \u00e9l\u00e8ve Word Les ressources : SIGNAL SOS PDF,\u00a0SIGNAL SOS Word Composants PDF,\u00a0Composants PowerPoint Cha\u00eene fonctionnelle PDF,\u00a0Cha\u00eene fonctionnelle PowerPoint Sch\u00e9ma \u00e9lectrique\u00a0PDF,\u00a0Sch\u00e9ma \u00e9lectrique PowerPoint Correction : Cha\u00eene fonctionnelle Programme Mat\u00e9riels n\u00e9cessaires : Carte Arduino, c\u00e2ble USB type A\/B, fils \u00e9lectriques, plaque d&rsquo;essai, Buzzer Logiciel : Arduino,\u00a0ArduBlock Les \u00e9l\u00e8ves doivent r\u00e9aliser un [&hellip;]<\/p>\n","protected":false},"author":1,"featured_media":0,"parent":21,"menu_order":0,"comment_status":"closed","ping_status":"closed","template":"template-fullwidth.php","meta":{"footnotes":""},"class_list":["post-695","page","type-page","status-publish","hentry"],"_links":{"self":[{"href":"http:\/\/www.ardacol.fr\/index.php\/wp-json\/wp\/v2\/pages\/695","targetHints":{"allow":["GET"]}}],"collection":[{"href":"http:\/\/www.ardacol.fr\/index.php\/wp-json\/wp\/v2\/pages"}],"about":[{"href":"http:\/\/www.ardacol.fr\/index.php\/wp-json\/wp\/v2\/types\/page"}],"author":[{"embeddable":true,"href":"http:\/\/www.ardacol.fr\/index.php\/wp-json\/wp\/v2\/users\/1"}],"replies":[{"embeddable":true,"href":"http:\/\/www.ardacol.fr\/index.php\/wp-json\/wp\/v2\/comments?post=695"}],"version-history":[{"count":32,"href":"http:\/\/www.ardacol.fr\/index.php\/wp-json\/wp\/v2\/pages\/695\/revisions"}],"predecessor-version":[{"id":1160,"href":"http:\/\/www.ardacol.fr\/index.php\/wp-json\/wp\/v2\/pages\/695\/revisions\/1160"}],"up":[{"embeddable":true,"href":"http:\/\/www.ardacol.fr\/index.php\/wp-json\/wp\/v2\/pages\/21"}],"wp:attachment":[{"href":"http:\/\/www.ardacol.fr\/index.php\/wp-json\/wp\/v2\/media?parent=695"}],"curies":[{"name":"wp","href":"https:\/\/api.w.org\/{rel}","templated":true}]}}